Last updated on 2022-07-04 02:53:28 CEST.
Flavor | Version | Tinstall | Tcheck | Ttotal | Status | Flags |
---|---|---|---|---|---|---|
r-devel-linux-x86_64-debian-clang | 1.1.2 | 197.08 | 287.14 | 484.22 | OK | |
r-devel-linux-x86_64-debian-gcc | 1.1.2 | 167.17 | 217.14 | 384.31 | OK | |
r-devel-linux-x86_64-fedora-clang | 1.1.2 | 678.16 | NOTE | |||
r-devel-linux-x86_64-fedora-gcc | 1.1.2 | 627.50 | OK | |||
r-devel-windows-x86_64 | 1.1.2 | 178.00 | 357.00 | 535.00 | OK | |
r-patched-linux-x86_64 | 1.1.2 | 167.67 | 280.76 | 448.43 | OK | |
r-release-linux-x86_64 | 1.1.2 | 176.91 | 279.74 | 456.65 | OK | |
r-release-macos-arm64 | 1.1.2 | 155.00 | NOTE | |||
r-release-macos-x86_64 | 1.1.2 | 234.00 | NOTE | |||
r-release-windows-x86_64 | 1.1.2 | 203.00 | 368.00 | 571.00 | OK | |
r-oldrel-macos-arm64 | 1.1.2 | 166.00 | NOTE | |||
r-oldrel-macos-x86_64 | 1.1.2 | 192.00 | NOTE | |||
r-oldrel-windows-ix86+x86_64 | 1.1.2 | 490.00 | 576.00 | 1066.00 | NOTE |
Version: 1.1.2
Check: installed package size
Result: NOTE
installed size is 6.4Mb
sub-directories of 1Mb or more:
data 1.9Mb
libs 3.8Mb
Flavors: r-devel-linux-x86_64-fedora-clang, r-release-macos-arm64, r-release-macos-x86_64, r-oldrel-macos-arm64, r-oldrel-macos-x86_64, r-oldrel-windows-ix86+x86_64