CRAN Package Check Results for Package DEMOVA

Last updated on 2021-09-22 02:49:11 CEST.

Flavor Version Tinstall Tcheck Ttotal Status Flags
r-devel-linux-x86_64-debian-clang 1.0 2.70 24.60 27.30 OK
r-devel-linux-x86_64-debian-gcc 1.0 2.18 18.95 21.13 OK
r-devel-linux-x86_64-fedora-clang 1.0 42.53 OK
r-devel-linux-x86_64-fedora-gcc 1.0 31.59 OK
r-devel-windows-x86_64 1.0 3.00 29.00 32.00 OK
r-devel-windows-x86_64-gcc10-UCRT 1.0 ERROR
r-patched-linux-x86_64 1.0 3.24 24.42 27.66 OK
r-patched-solaris-x86 1.0 48.20 OK
r-release-linux-x86_64 1.0 2.55 23.76 26.31 OK
r-release-macos-arm64 1.0 OK
r-release-macos-x86_64 1.0 OK
r-release-windows-ix86+x86_64 1.0 6.00 41.00 47.00 OK
r-oldrel-macos-x86_64 1.0 OK
r-oldrel-windows-ix86+x86_64 1.0 6.00 34.00 40.00 OK

Check Details

Version: 1.0
Check: whether package can be installed
Result: WARN
    Found the following significant warnings:
     WARNING: installation-time patches will not be applied, could not get the patches index
Flavor: r-devel-windows-x86_64-gcc10-UCRT

Version: 1.0
Check: PDF version of manual
Result: WARN
    LaTeX errors when creating PDF version.
    This typically indicates Rd problems.
Flavor: r-devel-windows-x86_64-gcc10-UCRT

Version: 1.0
Check: PDF version of manual without hyperrefs or index
Result: ERROR
    Re-running with no redirection of stdout/stderr.
Flavor: r-devel-windows-x86_64-gcc10-UCRT