CRAN Package Check Results for Package DIDmultiplegt

Last updated on 2021-09-18 02:51:54 CEST.

Flavor Version Tinstall Tcheck Ttotal Status Flags
r-devel-linux-x86_64-debian-clang 0.1.0 6.54 141.62 148.16 NOTE
r-devel-linux-x86_64-debian-gcc 0.1.0 4.46 97.96 102.42 NOTE
r-devel-linux-x86_64-fedora-clang 0.1.0 175.57 NOTE
r-devel-linux-x86_64-fedora-gcc 0.1.0 162.52 NOTE
r-devel-windows-x86_64 0.1.0 9.00 117.00 126.00 NOTE
r-devel-windows-x86_64-gcc10-UCRT 0.1.0 NOTE
r-patched-linux-x86_64 0.1.0 5.56 131.86 137.42 NOTE
r-patched-solaris-x86 0.1.0 211.50 NOTE
r-release-linux-x86_64 0.1.0 5.45 130.64 136.09 NOTE
r-release-macos-arm64 0.1.0 NOTE
r-release-macos-x86_64 0.1.0 NOTE
r-release-windows-ix86+x86_64 0.1.0 15.00 161.00 176.00 NOTE
r-oldrel-macos-x86_64 0.1.0 OK
r-oldrel-windows-ix86+x86_64 0.1.0 15.00 169.00 184.00 OK

Check Details

Version: 0.1.0
Check: LazyData
Result: NOTE
     'LazyData' is specified without a 'data' directory
Flavors: r-devel-linux-x86_64-debian-clang, r-devel-linux-x86_64-debian-gcc, r-devel-linux-x86_64-fedora-clang, r-devel-linux-x86_64-fedora-gcc, r-devel-windows-x86_64, r-devel-windows-x86_64-gcc10-UCRT, r-patched-linux-x86_64, r-patched-solaris-x86, r-release-linux-x86_64, r-release-macos-arm64, r-release-macos-x86_64, r-release-windows-ix86+x86_64