Last updated on 2023-02-09 02:53:09 CET.
Flavor | Version | Tinstall | Tcheck | Ttotal | Status | Flags |
---|---|---|---|---|---|---|
r-devel-linux-x86_64-debian-clang | 1.0.0 | 14.64 | 25.81 | 40.45 | NOTE | |
r-devel-linux-x86_64-debian-gcc | 1.0.0 | 12.15 | 19.84 | 31.99 | NOTE | |
r-devel-linux-x86_64-fedora-clang | 1.0.0 | 54.79 | NOTE | |||
r-devel-linux-x86_64-fedora-gcc | 1.0.0 | 55.49 | NOTE | |||
r-devel-windows-x86_64 | 1.0.0 | 18.00 | 62.00 | 80.00 | NOTE | |
r-patched-linux-x86_64 | 1.0.0 | 10.83 | 25.79 | 36.62 | NOTE | |
r-release-linux-x86_64 | 1.0.0 | 12.19 | 24.58 | 36.77 | NOTE | |
r-release-macos-arm64 | 1.0.0 | 23.00 | NOTE | |||
r-release-macos-x86_64 | 1.0.0 | 36.00 | NOTE | |||
r-release-windows-x86_64 | 1.0.0 | 22.00 | 63.00 | 85.00 | NOTE | |
r-oldrel-macos-arm64 | 1.0.0 | 30.00 | NOTE | |||
r-oldrel-macos-x86_64 | 1.0.0 | 31.00 | NOTE | |||
r-oldrel-windows-ix86+x86_64 | 1.0.0 | 20.00 | 54.00 | 74.00 | NOTE |
Version: 1.0.0
Check: LazyData
Result: NOTE
'LazyData' is specified without a 'data' directory
Flavors: r-devel-linux-x86_64-debian-clang, r-devel-linux-x86_64-debian-gcc, r-devel-linux-x86_64-fedora-clang, r-devel-linux-x86_64-fedora-gcc, r-devel-windows-x86_64, r-patched-linux-x86_64, r-release-linux-x86_64, r-release-macos-arm64, r-release-macos-x86_64, r-release-windows-x86_64, r-oldrel-macos-arm64, r-oldrel-macos-x86_64, r-oldrel-windows-ix86+x86_64
Version: 1.0.0
Check: dependencies in R code
Result: NOTE
Namespaces in Imports field not imported from:
‘GOstats’ ‘caTools’ ‘fdrtool’
All declared Imports should be used.
Flavors: r-devel-linux-x86_64-fedora-clang, r-devel-linux-x86_64-fedora-gcc, r-release-macos-arm64, r-release-macos-x86_64, r-oldrel-macos-arm64, r-oldrel-macos-x86_64