Last updated on 2022-06-29 02:55:09 CEST.
Flavor | Version | Tinstall | Tcheck | Ttotal | Status | Flags |
---|---|---|---|---|---|---|
r-devel-linux-x86_64-debian-clang | 1.4.2 | 8.74 | 63.33 | 72.07 | OK | |
r-devel-linux-x86_64-debian-gcc | 1.4.2 | 6.21 | 49.35 | 55.56 | OK | |
r-devel-linux-x86_64-fedora-clang | 1.4.2 | 97.35 | WARN | |||
r-devel-linux-x86_64-fedora-gcc | 1.4.2 | 100.80 | WARN | |||
r-devel-windows-x86_64 | 1.4.2 | 13.00 | 86.00 | 99.00 | OK | |
r-patched-linux-x86_64 | 1.4.2 | 6.55 | 62.86 | 69.41 | OK | |
r-release-linux-x86_64 | 1.4.2 | 7.94 | 62.35 | 70.29 | OK | |
r-release-macos-arm64 | 1.4.2 | 29.00 | OK | |||
r-release-macos-x86_64 | 1.4.2 | 44.00 | OK | |||
r-release-windows-x86_64 | 1.4.2 | 14.00 | 88.00 | 102.00 | OK | |
r-oldrel-macos-arm64 | 1.4.2 | 27.00 | OK | |||
r-oldrel-macos-x86_64 | 1.4.2 | 44.00 | OK | |||
r-oldrel-windows-ix86+x86_64 | 1.4.2 | 18.00 | 91.00 | 109.00 | OK |
Version: 1.4.2
Check: package dependencies
Result: WARN
Requires (indirectly) orphaned package: ‘gtools’
Flavors: r-devel-linux-x86_64-fedora-clang, r-devel-linux-x86_64-fedora-gcc