CRAN Package Check Results for Package DSAIDE

Last updated on 2022-01-16 02:49:26 CET.

Flavor Version Tinstall Tcheck Ttotal Status Flags
r-devel-linux-x86_64-debian-clang 0.9.3 11.15 171.39 182.54 OK
r-devel-linux-x86_64-debian-gcc 0.9.3 9.08 135.13 144.21 OK
r-devel-linux-x86_64-fedora-clang 0.9.3 209.29 NOTE
r-devel-linux-x86_64-fedora-gcc 0.9.3 195.33 OK
r-devel-windows-x86_64-new-UL 0.9.3 164.00 212.00 376.00 NOTE
r-devel-windows-x86_64-new-TK 0.9.3 ERROR
r-patched-linux-x86_64 0.9.3 10.34 159.04 169.38 OK
r-release-linux-x86_64 0.9.3 6.75 156.54 163.29 OK
r-release-macos-arm64 0.9.3 NOTE
r-release-macos-x86_64 0.9.3 NOTE
r-release-windows-ix86+x86_64 0.9.3 23.00 192.00 215.00 NOTE
r-oldrel-macos-x86_64 0.9.3 NOTE
r-oldrel-windows-ix86+x86_64 0.9.3 24.00 192.00 216.00 NOTE

Check Details

Version: 0.9.3
Check: installed package size
Result: NOTE
     installed size is 5.2Mb
     sub-directories of 1Mb or more:
     appinformation 4.1Mb
Flavors: r-devel-linux-x86_64-fedora-clang, r-devel-windows-x86_64-new-UL, r-release-macos-arm64, r-release-macos-x86_64, r-release-windows-ix86+x86_64, r-oldrel-macos-x86_64, r-oldrel-windows-ix86+x86_64

Version: 0.9.3
Check: package dependencies
Result: ERROR
    Package required but not available: 'nloptr'
    
    See section 'The DESCRIPTION file' in the 'Writing R Extensions'
    manual.
Flavor: r-devel-windows-x86_64-new-TK