CRAN Package Check Results for Package DatAssim

Last updated on 2022-01-16 02:49:25 CET.

Flavor Version Tinstall Tcheck Ttotal Status Flags
r-devel-linux-x86_64-debian-clang 1.0 25.57 32.83 58.40 NOTE
r-devel-linux-x86_64-debian-gcc 1.0 22.28 28.76 51.04 NOTE
r-devel-linux-x86_64-fedora-clang 1.0 90.77 NOTE
r-devel-linux-x86_64-fedora-gcc 1.0 72.04 NOTE
r-devel-windows-x86_64-new-UL 1.0 36.00 71.00 107.00 NOTE
r-devel-windows-x86_64-new-TK 1.0 NOTE
r-patched-linux-x86_64 1.0 25.65 31.78 57.43 NOTE
r-release-linux-x86_64 1.0 25.82 31.89 57.71 NOTE
r-release-macos-arm64 1.0 NOTE
r-release-macos-x86_64 1.0 NOTE
r-release-windows-ix86+x86_64 1.0 76.00 65.00 141.00 NOTE
r-oldrel-macos-x86_64 1.0 OK
r-oldrel-windows-ix86+x86_64 1.0 75.00 66.00 141.00 OK

Check Details

Version: 1.0
Check: LazyData
Result: NOTE
     'LazyData' is specified without a 'data' directory
Flavors: r-devel-linux-x86_64-debian-clang, r-devel-linux-x86_64-debian-gcc, r-devel-linux-x86_64-fedora-clang, r-devel-linux-x86_64-fedora-gcc, r-devel-windows-x86_64-new-UL, r-devel-windows-x86_64-new-TK, r-patched-linux-x86_64, r-release-linux-x86_64, r-release-macos-arm64, r-release-macos-x86_64, r-release-windows-ix86+x86_64