CRAN Package Check Results for Package DataVisualizations

Last updated on 2022-08-13 04:57:45 CEST.

Flavor Version Tinstall Tcheck Ttotal Status Flags
r-devel-linux-x86_64-debian-clang 1.2.3 59.77 293.41 353.18 OK
r-devel-linux-x86_64-debian-gcc 1.2.3 43.11 220.75 263.86 OK
r-devel-linux-x86_64-fedora-clang 1.2.3 458.15 NOTE
r-devel-linux-x86_64-fedora-gcc 1.2.3 469.19 OK
r-devel-windows-x86_64 1.2.3 167.00 340.00 507.00 NOTE
r-patched-linux-x86_64 1.2.3 56.01 295.10 351.11 OK
r-release-linux-x86_64 1.2.3 45.38 293.77 339.15 OK
r-release-macos-arm64 1.2.3 153.00 NOTE
r-release-macos-x86_64 1.2.3 151.00 NOTE
r-release-windows-x86_64 1.2.3 333.00 327.00 660.00 NOTE
r-oldrel-macos-arm64 1.2.3 134.00 NOTE
r-oldrel-macos-x86_64 1.2.3 151.00 NOTE
r-oldrel-windows-ix86+x86_64 1.2.3 132.00 375.00 507.00 NOTE

Check Details

Version: 1.2.3
Check: installed package size
Result: NOTE
     installed size is 5.7Mb
     sub-directories of 1Mb or more:
     doc 3.2Mb
     libs 1.1Mb
Flavors: r-devel-linux-x86_64-fedora-clang, r-devel-windows-x86_64, r-release-macos-arm64, r-release-macos-x86_64, r-release-windows-x86_64, r-oldrel-macos-arm64, r-oldrel-macos-x86_64, r-oldrel-windows-ix86+x86_64

Version: 1.2.3
Check: Rd cross-references
Result: NOTE
    Undeclared package ‘FCPS’ in Rd xrefs
Flavor: r-devel-linux-x86_64-fedora-clang