CRAN Package Check Results for Package DeclareDesign

Last updated on 2022-08-15 04:50:13 CEST.

Flavor Version Tinstall Tcheck Ttotal Status Flags
r-devel-linux-x86_64-debian-clang 1.0.0 8.14 253.48 261.62 OK
r-devel-linux-x86_64-debian-gcc 1.0.0 4.78 185.36 190.14 OK
r-devel-linux-x86_64-fedora-clang 1.0.0 313.20 NOTE
r-devel-linux-x86_64-fedora-gcc 1.0.0 300.52 OK
r-devel-windows-x86_64 1.0.0 125.00 277.00 402.00 OK
r-patched-linux-x86_64 1.0.0 12.27 237.87 250.14 OK
r-release-linux-x86_64 1.0.0 6.54 235.22 241.76 OK
r-release-macos-arm64 1.0.0 76.00 OK
r-release-macos-x86_64 1.0.0 103.00 OK
r-release-windows-x86_64 1.0.0 135.00 275.00 410.00 OK
r-oldrel-macos-arm64 1.0.0 77.00 OK
r-oldrel-macos-x86_64 1.0.0 97.00 OK
r-oldrel-windows-ix86+x86_64 1.0.0 25.00 278.00 303.00 OK

Check Details

Version: 1.0.0
Check: Rd cross-references
Result: NOTE
    Undeclared package ‘future’ in Rd xrefs
Flavor: r-devel-linux-x86_64-fedora-clang