CRAN Package Check Results for Package DistributionTest

Last updated on 2022-01-16 02:49:26 CET.

Flavor Version Tinstall Tcheck Ttotal Status Flags
r-devel-linux-x86_64-debian-clang 1.1 2.94 41.01 43.95 NOTE
r-devel-linux-x86_64-debian-gcc 1.1 2.20 34.87 37.07 NOTE
r-devel-linux-x86_64-fedora-clang 1.1 54.02 NOTE
r-devel-linux-x86_64-fedora-gcc 1.1 42.99 NOTE
r-devel-windows-x86_64-new-UL 1.1 45.00 60.00 105.00 NOTE
r-devel-windows-x86_64-new-TK 1.1 NOTE
r-patched-linux-x86_64 1.1 2.79 39.42 42.21 NOTE
r-release-linux-x86_64 1.1 2.56 39.89 42.45 NOTE
r-release-macos-arm64 1.1 NOTE
r-release-macos-x86_64 1.1 NOTE
r-release-windows-ix86+x86_64 1.1 7.00 49.00 56.00 NOTE
r-oldrel-macos-x86_64 1.1 OK
r-oldrel-windows-ix86+x86_64 1.1 7.00 47.00 54.00 OK

Check Details

Version: 1.1
Check: LazyData
Result: NOTE
     'LazyData' is specified without a 'data' directory
Flavors: r-devel-linux-x86_64-debian-clang, r-devel-linux-x86_64-debian-gcc, r-devel-linux-x86_64-fedora-clang, r-devel-linux-x86_64-fedora-gcc, r-devel-windows-x86_64-new-UL, r-devel-windows-x86_64-new-TK, r-patched-linux-x86_64, r-release-linux-x86_64, r-release-macos-arm64, r-release-macos-x86_64, r-release-windows-ix86+x86_64