CRAN Package Check Results for Package EAinference

Last updated on 2021-06-23 02:50:49 CEST.

Flavor Version Tinstall Tcheck Ttotal Status Flags
r-devel-linux-x86_64-debian-clang 0.2.3 37.44 221.49 258.93 NOTE
r-devel-linux-x86_64-debian-gcc 0.2.3 26.10 168.75 194.85 NOTE
r-devel-linux-x86_64-fedora-clang 0.2.3 323.38 NOTE
r-devel-linux-x86_64-fedora-gcc 0.2.3 316.21 NOTE
r-devel-windows-x86_64 0.2.3 50.00 257.00 307.00 NOTE
r-devel-windows-x86_64-gcc10-UCRT 0.2.3 NOTE
r-patched-linux-x86_64 0.2.3 32.00 217.06 249.06 NOTE
r-patched-solaris-x86 0.2.3 424.90 NOTE
r-release-linux-x86_64 0.2.3 32.31 218.30 250.61 NOTE
r-release-macos-arm64 0.2.3 NOTE
r-release-macos-x86_64 0.2.3 NOTE
r-release-windows-ix86+x86_64 0.2.3 67.00 315.00 382.00 NOTE
r-oldrel-macos-x86_64 0.2.3 OK

Check Details

Version: 0.2.3
Check: LazyData
Result: NOTE
     'LazyData' is specified without a 'data' directory
Flavors: r-devel-linux-x86_64-debian-clang, r-devel-linux-x86_64-debian-gcc, r-devel-linux-x86_64-fedora-clang, r-devel-linux-x86_64-fedora-gcc, r-devel-windows-x86_64, r-devel-windows-x86_64-gcc10-UCRT, r-patched-linux-x86_64, r-patched-solaris-x86, r-release-linux-x86_64, r-release-macos-arm64, r-release-macos-x86_64, r-release-windows-ix86+x86_64