CRAN Package Check Results for Package EBEN

Last updated on 2022-01-29 02:49:46 CET.

Flavor Version Tinstall Tcheck Ttotal Status Flags
r-devel-linux-x86_64-debian-clang 4.6 6.81 39.00 45.81 OK
r-devel-linux-x86_64-debian-gcc 4.6 6.55 30.49 37.04 OK
r-devel-linux-x86_64-fedora-clang 4.6 59.03 NOTE
r-devel-linux-x86_64-fedora-gcc 4.6 47.32 NOTE
r-devel-windows-x86_64-new-UL 4.6 34.00 59.00 93.00 OK
r-devel-windows-x86_64-new-TK 4.6 OK
r-patched-linux-x86_64 4.6 6.56 37.07 43.63 OK
r-release-linux-x86_64 4.6 7.96 37.23 45.19 OK
r-release-macos-arm64 4.6 OK
r-release-macos-x86_64 4.6 OK
r-release-windows-ix86+x86_64 4.6 22.00 58.00 80.00 OK
r-oldrel-macos-x86_64 4.6 OK
r-oldrel-windows-ix86+x86_64 4.6 16.00 58.00 74.00 OK

Check Details

Version: 4.6
Check: compiled code
Result: NOTE
    File ‘EBEN/libs/EBEN.so’:
     Found no calls to: ‘R_registerRoutines’, ‘R_useDynamicSymbols’
    
    It is good practice to register native routines and to disable symbol
    search.
    
    See ‘Writing portable packages’ in the ‘Writing R Extensions’ manual.
Flavors: r-devel-linux-x86_64-fedora-clang, r-devel-linux-x86_64-fedora-gcc