CRAN Package Check Results for Package EBglmnet

Last updated on 2022-01-29 02:49:46 CET.

Flavor Version Tinstall Tcheck Ttotal Status Flags
r-devel-linux-x86_64-debian-clang 4.1 11.09 94.30 105.39 OK
r-devel-linux-x86_64-debian-gcc 4.1 9.20 73.70 82.90 OK
r-devel-linux-x86_64-fedora-clang 4.1 135.28 NOTE
r-devel-linux-x86_64-fedora-gcc 4.1 123.43 NOTE
r-devel-windows-x86_64-new-UL 4.1 48.00 114.00 162.00 OK
r-devel-windows-x86_64-new-TK 4.1 OK
r-patched-linux-x86_64 4.1 10.70 37.72 48.42 OK
r-release-linux-x86_64 4.1 12.66 37.07 49.73 OK
r-release-macos-arm64 4.1 OK
r-release-macos-x86_64 4.1 OK
r-release-windows-ix86+x86_64 4.1 34.00 54.00 88.00 OK
r-oldrel-macos-x86_64 4.1 OK
r-oldrel-windows-ix86+x86_64 4.1 33.00 55.00 88.00 OK

Check Details

Version: 4.1
Check: compiled code
Result: NOTE
    File ‘EBglmnet/libs/EBglmnet.so’:
     Found no calls to: ‘R_registerRoutines’, ‘R_useDynamicSymbols’
    
    It is good practice to register native routines and to disable symbol
    search.
    
    See ‘Writing portable packages’ in the ‘Writing R Extensions’ manual.
Flavors: r-devel-linux-x86_64-fedora-clang, r-devel-linux-x86_64-fedora-gcc