CRAN Package Check Results for Package ENMeval

Last updated on 2022-08-15 04:50:14 CEST.

Flavor Version Tinstall Tcheck Ttotal Status Flags
r-devel-linux-x86_64-debian-clang 2.0.3 37.93 813.67 851.60 OK
r-devel-linux-x86_64-debian-gcc 2.0.3 32.01 572.03 604.04 OK
r-devel-linux-x86_64-fedora-clang 2.0.3 961.86 NOTE
r-devel-linux-x86_64-fedora-gcc 2.0.3 964.24 NOTE
r-devel-windows-x86_64 2.0.3 64.00 747.00 811.00 OK
r-patched-linux-x86_64 2.0.3 28.48 770.35 798.83 OK
r-release-linux-x86_64 2.0.3 26.46 758.48 784.94 OK
r-release-macos-arm64 2.0.3 208.00 NOTE
r-release-macos-x86_64 2.0.3 348.00 NOTE
r-release-windows-x86_64 2.0.3 72.00 760.00 832.00 OK
r-oldrel-macos-arm64 2.0.3 183.00 NOTE
r-oldrel-macos-x86_64 2.0.3 270.00 NOTE
r-oldrel-windows-ix86+x86_64 2.0.3 80.00 820.00 900.00 OK

Check Details

Version: 2.0.3
Check: dependencies in R code
Result: NOTE
    Namespaces in Imports field not imported from:
     ‘graphics’ ‘sp’ ‘testthat’
     All declared Imports should be used.
Flavors: r-devel-linux-x86_64-fedora-clang, r-devel-linux-x86_64-fedora-gcc, r-release-macos-arm64, r-release-macos-x86_64, r-oldrel-macos-arm64, r-oldrel-macos-x86_64

Version: 2.0.3
Check: data for non-ASCII characters
Result: NOTE
     Note: found 2 marked UTF-8 strings
Flavors: r-devel-linux-x86_64-fedora-clang, r-devel-linux-x86_64-fedora-gcc, r-release-macos-arm64, r-release-macos-x86_64, r-oldrel-macos-arm64, r-oldrel-macos-x86_64