CRAN Package Check Results for Package ESTER

Last updated on 2022-07-03 02:51:01 CEST.

Flavor Version Tinstall Tcheck Ttotal Status Flags
r-devel-linux-x86_64-debian-clang 0.2.0 22.64 223.34 245.98 NOTE
r-devel-linux-x86_64-debian-gcc 0.2.0 17.95 160.01 177.96 NOTE
r-devel-linux-x86_64-fedora-clang 0.2.0 291.43 WARN
r-devel-linux-x86_64-fedora-gcc 0.2.0 290.11 WARN
r-devel-windows-x86_64 0.2.0 26.00 248.00 274.00 NOTE
r-patched-linux-x86_64 0.2.0 20.23 208.06 228.29 NOTE
r-release-linux-x86_64 0.2.0 21.41 208.61 230.02 NOTE
r-release-macos-arm64 0.2.0 83.00 NOTE
r-release-macos-x86_64 0.2.0 131.00 NOTE
r-release-windows-x86_64 0.2.0 30.00 247.00 277.00 NOTE
r-oldrel-macos-arm64 0.2.0 107.00 NOTE
r-oldrel-macos-x86_64 0.2.0 150.00 NOTE
r-oldrel-windows-ix86+x86_64 0.2.0 50.00 239.00 289.00 NOTE

Check Details

Version: 0.2.0
Check: Rd files
Result: NOTE
    checkRd: (-1) aic.Rd:25: Escaped LaTeX specials: \&
    checkRd: (-1) aic.Rd:29: Escaped LaTeX specials: \&
    checkRd: (-1) ictab.Rd:56: Escaped LaTeX specials: \&
    checkRd: (-1) ictab.Rd:60: Escaped LaTeX specials: \&
    checkRd: (-1) ictab.Rd:64: Escaped LaTeX specials: \&
Flavors: r-devel-linux-x86_64-debian-clang, r-devel-linux-x86_64-debian-gcc, r-devel-linux-x86_64-fedora-clang, r-devel-linux-x86_64-fedora-gcc, r-devel-windows-x86_64

Version: 0.2.0
Check: LazyData
Result: NOTE
     'LazyData' is specified without a 'data' directory
Flavors: r-devel-linux-x86_64-debian-clang, r-devel-linux-x86_64-debian-gcc, r-devel-linux-x86_64-fedora-clang, r-devel-linux-x86_64-fedora-gcc, r-devel-windows-x86_64, r-patched-linux-x86_64, r-release-linux-x86_64, r-release-macos-arm64, r-release-macos-x86_64, r-release-windows-x86_64, r-oldrel-macos-arm64, r-oldrel-macos-x86_64, r-oldrel-windows-ix86+x86_64

Version: 0.2.0
Check: package dependencies
Result: WARN
    Requires (indirectly) orphaned package: ‘gtools’
Flavors: r-devel-linux-x86_64-fedora-clang, r-devel-linux-x86_64-fedora-gcc