CRAN Package Check Results for Package EW

Last updated on 2022-05-23 02:53:37 CEST.

Flavor Version Tinstall Tcheck Ttotal Status Flags
r-devel-linux-x86_64-debian-clang 1.1 1.51 30.48 31.99 NOTE
r-devel-linux-x86_64-debian-gcc 1.1 1.50 23.68 25.18 NOTE
r-devel-linux-x86_64-fedora-clang 1.1 39.22 NOTE
r-devel-linux-x86_64-fedora-gcc 1.1 37.85 NOTE
r-devel-windows-x86_64 1.1 8.00 49.00 57.00 NOTE
r-patched-linux-x86_64 1.1 1.82 29.86 31.68 NOTE
r-release-linux-x86_64 1.1 1.54 29.14 30.68 NOTE
r-release-macos-arm64 1.1 15.00 NOTE
r-release-macos-x86_64 1.1 20.00 NOTE
r-release-windows-x86_64 1.1 4.00 47.00 51.00 NOTE
r-oldrel-macos-arm64 1.1 31.00 NOTE
r-oldrel-macos-x86_64 1.1 25.00 NOTE
r-oldrel-windows-ix86+x86_64 1.1 5.00 32.00 37.00 NOTE

Check Details

Version: 1.1
Check: R code for possible problems
Result: NOTE
    EW : PhiP : Phi: no visible global function definition for 'pnorm'
    Undefined global functions or variables:
     pnorm
    Consider adding
     importFrom("stats", "pnorm")
    to your NAMESPACE file.
Flavors: r-devel-linux-x86_64-debian-clang, r-devel-linux-x86_64-debian-gcc, r-devel-linux-x86_64-fedora-clang, r-devel-linux-x86_64-fedora-gcc, r-devel-windows-x86_64, r-patched-linux-x86_64, r-release-linux-x86_64, r-release-macos-arm64, r-release-macos-x86_64, r-release-windows-x86_64, r-oldrel-macos-arm64, r-oldrel-macos-x86_64, r-oldrel-windows-ix86+x86_64