CRAN Package Check Results for Package Eagle

Last updated on 2021-09-22 02:49:13 CEST.

Flavor Version Tinstall Tcheck Ttotal Status Flags
r-devel-linux-x86_64-debian-clang 2.4.5 320.87 82.78 403.65 OK
r-devel-linux-x86_64-debian-gcc 2.4.5 203.58 64.80 268.38 OK
r-devel-linux-x86_64-fedora-clang 2.4.5 604.42 NOTE
r-devel-linux-x86_64-fedora-gcc 2.4.5 492.75 OK
r-devel-windows-x86_64 2.4.5 258.00 86.00 344.00 OK
r-devel-windows-x86_64-gcc10-UCRT 2.4.5 ERROR
r-patched-linux-x86_64 2.4.5 215.35 80.78 296.13 OK
r-patched-solaris-x86 2.4.5 456.00 OK
r-release-linux-x86_64 2.4.5 240.67 80.46 321.13 OK
r-release-macos-arm64 2.4.5 NOTE
r-release-macos-x86_64 2.4.5 NOTE
r-release-windows-ix86+x86_64 2.4.5 716.00 149.00 865.00 OK
r-oldrel-macos-x86_64 2.4.5 NOTE
r-oldrel-windows-ix86+x86_64 2.4.5 716.00 118.00 834.00 OK

Check Details

Version: 2.4.5
Check: installed package size
Result: NOTE
     installed size is 11.1Mb
     sub-directories of 1Mb or more:
     libs 9.6Mb
     shiny_app 1.1Mb
Flavors: r-devel-linux-x86_64-fedora-clang, r-release-macos-arm64, r-release-macos-x86_64, r-oldrel-macos-x86_64

Version: 2.4.5
Check: whether package can be installed
Result: ERROR
    Installation failed.
Flavor: r-devel-windows-x86_64-gcc10-UCRT