CRAN Package Check Results for Package EpiModel

Last updated on 2021-09-23 02:49:01 CEST.

Flavor Version Tinstall Tcheck Ttotal Status Flags
r-devel-linux-x86_64-debian-clang 2.1.0 24.26 283.21 307.47 OK
r-devel-linux-x86_64-debian-gcc 2.1.0 19.12 206.25 225.37 OK
r-devel-linux-x86_64-fedora-clang 2.1.0 368.29 OK
r-devel-linux-x86_64-fedora-gcc 2.1.0 368.05 OK
r-devel-windows-x86_64 2.1.0 28.00 243.00 271.00 OK
r-devel-windows-x86_64-gcc10-UCRT 2.1.0 ERROR
r-patched-linux-x86_64 2.1.0 29.03 262.04 291.07 OK
r-patched-solaris-x86 2.1.0 472.80 OK
r-release-linux-x86_64 2.1.0 21.40 259.41 280.81 OK
r-release-macos-arm64 2.1.0 OK
r-release-macos-x86_64 2.1.0 OK
r-release-windows-ix86+x86_64 2.1.0 53.00 500.00 553.00 OK
r-oldrel-macos-x86_64 2.1.0 OK
r-oldrel-windows-ix86+x86_64 2.1.0 37.00 361.00 398.00 OK

Check Details

Version: 2.1.0
Check: whether package can be installed
Result: ERROR
    Installation failed.
Flavor: r-devel-windows-x86_64-gcc10-UCRT