CRAN Package Check Results for Package FSelectorRcpp

Last updated on 2021-10-27 02:52:35 CEST.

Flavor Version Tinstall Tcheck Ttotal Status Flags
r-devel-linux-x86_64-debian-clang 0.3.8 93.36 69.73 163.09 NOTE
r-devel-linux-x86_64-debian-gcc 0.3.8 80.33 52.50 132.83 NOTE
r-devel-linux-x86_64-fedora-clang 0.3.8 257.64 NOTE
r-devel-linux-x86_64-fedora-gcc 0.3.8 234.74 NOTE
r-devel-windows-x86_64 0.3.8 125.00 127.00 252.00 NOTE
r-devel-windows-x86_64-gcc10-UCRT 0.3.8 NOTE
r-patched-linux-x86_64 0.3.8 97.80 59.49 157.29 NOTE
r-patched-solaris-x86 0.3.8 181.90 NOTE
r-release-linux-x86_64 0.3.8 84.64 59.53 144.17 NOTE
r-release-macos-arm64 0.3.8 NOTE
r-release-macos-x86_64 0.3.8 NOTE
r-release-windows-ix86+x86_64 0.3.8 180.00 143.00 323.00 NOTE
r-oldrel-macos-x86_64 0.3.8 NOTE
r-oldrel-windows-ix86+x86_64 0.3.8 250.00 146.00 396.00 OK

Check Details

Version: 0.3.8
Check: LazyData
Result: NOTE
     'LazyData' is specified without a 'data' directory
Flavors: r-devel-linux-x86_64-debian-clang, r-devel-linux-x86_64-debian-gcc, r-devel-linux-x86_64-fedora-clang, r-devel-linux-x86_64-fedora-gcc, r-devel-windows-x86_64, r-devel-windows-x86_64-gcc10-UCRT, r-patched-linux-x86_64, r-patched-solaris-x86, r-release-linux-x86_64, r-release-macos-arm64, r-release-macos-x86_64, r-release-windows-ix86+x86_64

Version: 0.3.8
Check: installed package size
Result: NOTE
     installed size is 8.8Mb
     sub-directories of 1Mb or more:
     libs 8.3Mb
Flavors: r-devel-linux-x86_64-fedora-clang, r-release-macos-arm64, r-release-macos-x86_64, r-oldrel-macos-x86_64

Version: 0.3.8
Check: package dependencies
Result: NOTE
    Packages suggested but not available for checking: 'RWeka', 'FSelector'
Flavor: r-patched-solaris-x86

Version: 0.3.8
Check: package dependencies
Result: NOTE
    Package suggested but not available for checking: ‘RTCGA.rnaseq’
Flavors: r-release-macos-arm64, r-release-macos-x86_64, r-oldrel-macos-x86_64