CRAN Package Check Results for Package GEEaSPU

Last updated on 2021-09-22 02:49:18 CEST.

Flavor Version Tinstall Tcheck Ttotal Status Flags
r-devel-linux-x86_64-debian-clang 1.0.2 47.44 29.49 76.93 OK
r-devel-linux-x86_64-debian-gcc 1.0.2 32.96 23.10 56.06 OK
r-devel-linux-x86_64-fedora-clang 1.0.2 112.40 NOTE
r-devel-linux-x86_64-fedora-gcc 1.0.2 94.80 NOTE
r-devel-windows-x86_64 1.0.2 39.00 44.00 83.00 OK
r-devel-windows-x86_64-gcc10-UCRT 1.0.2 ERROR
r-patched-linux-x86_64 1.0.2 35.87 28.23 64.10 OK
r-patched-solaris-x86 1.0.2 98.80 OK
r-release-linux-x86_64 1.0.2 37.92 28.49 66.41 OK
r-release-macos-arm64 1.0.2 NOTE
r-release-macos-x86_64 1.0.2 OK
r-release-windows-ix86+x86_64 1.0.2 102.00 71.00 173.00 OK
r-oldrel-macos-x86_64 1.0.2 OK
r-oldrel-windows-ix86+x86_64 1.0.2 100.00 61.00 161.00 OK

Check Details

Version: 1.0.2
Check: compiled code
Result: NOTE
    File ‘GEEaSPU/libs/GEEaSPU.so’:
     Found no calls to: ‘R_registerRoutines’, ‘R_useDynamicSymbols’
    
    It is good practice to register native routines and to disable symbol
    search.
    
    See ‘Writing portable packages’ in the ‘Writing R Extensions’ manual.
Flavors: r-devel-linux-x86_64-fedora-clang, r-devel-linux-x86_64-fedora-gcc

Version: 1.0.2
Check: whether package can be installed
Result: ERROR
    Installation failed.
Flavor: r-devel-windows-x86_64-gcc10-UCRT

Version: 1.0.2
Check: installed package size
Result: NOTE
     installed size is 5.1Mb
     sub-directories of 1Mb or more:
     libs 5.0Mb
Flavor: r-release-macos-arm64