CRAN Package Check Results for Package GPArotation

Last updated on 2021-09-21 02:48:58 CEST.

Flavor Version Tinstall Tcheck Ttotal Status Flags
r-devel-linux-x86_64-debian-clang 2014.11-1 2.58 44.54 47.12 NOTE
r-devel-linux-x86_64-debian-gcc 2014.11-1 2.11 33.96 36.07 NOTE
r-devel-linux-x86_64-fedora-clang 2014.11-1 63.47 NOTE
r-devel-linux-x86_64-fedora-gcc 2014.11-1 398.04 NOTE
r-devel-windows-x86_64 2014.11-1 4.00 45.00 49.00 NOTE
r-devel-windows-x86_64-gcc10-UCRT 2014.11-1 ERROR
r-patched-linux-x86_64 2014.11-1 3.12 42.58 45.70 NOTE
r-patched-solaris-x86 2014.11-1 78.30 NOTE
r-release-linux-x86_64 2014.11-1 2.50 42.65 45.15 NOTE
r-release-macos-arm64 2014.11-1 NOTE
r-release-macos-x86_64 2014.11-1 NOTE
r-release-windows-ix86+x86_64 2014.11-1 6.00 61.00 67.00 NOTE
r-oldrel-macos-x86_64 2014.11-1 NOTE
r-oldrel-windows-ix86+x86_64 2014.11-1 5.00 59.00 64.00 NOTE

Check Details

Version: 2014.11-1
Check: R code for possible problems
Result: NOTE
    Random.Start: no visible global function definition for 'rnorm'
    Undefined global functions or variables:
     rnorm
    Consider adding
     importFrom("stats", "rnorm")
    to your NAMESPACE file.
Flavors: r-devel-linux-x86_64-debian-clang, r-devel-linux-x86_64-debian-gcc, r-devel-linux-x86_64-fedora-clang, r-devel-linux-x86_64-fedora-gcc, r-devel-windows-x86_64, r-devel-windows-x86_64-gcc10-UCRT, r-patched-linux-x86_64, r-patched-solaris-x86, r-release-linux-x86_64, r-release-macos-arm64, r-release-macos-x86_64, r-release-windows-ix86+x86_64, r-oldrel-macos-x86_64, r-oldrel-windows-ix86+x86_64

Version: 2014.11-1
Check: whether package can be installed
Result: WARN
    Found the following significant warnings:
     WARNING: installation-time patches will not be applied, could not get the patches index
Flavor: r-devel-windows-x86_64-gcc10-UCRT

Version: 2014.11-1
Check: PDF version of manual
Result: WARN
    LaTeX errors when creating PDF version.
    This typically indicates Rd problems.
Flavor: r-devel-windows-x86_64-gcc10-UCRT

Version: 2014.11-1
Check: PDF version of manual without hyperrefs or index
Result: ERROR
    Re-running with no redirection of stdout/stderr.
Flavor: r-devel-windows-x86_64-gcc10-UCRT