CRAN Package Check Results for Package GapAnalysis

Last updated on 2021-10-16 02:49:29 CEST.

Flavor Version Tinstall Tcheck Ttotal Status Flags
r-devel-linux-x86_64-debian-clang 1.0.2 29.88 295.54 325.42 OK
r-devel-linux-x86_64-debian-gcc 1.0.2 24.17 218.32 242.49 OK
r-devel-linux-x86_64-fedora-clang 1.0.2 402.63 NOTE
r-devel-linux-x86_64-fedora-gcc 1.0.2 393.40 NOTE
r-devel-windows-x86_64 1.0.2 39.00 146.00 185.00 OK
r-devel-windows-x86_64-gcc10-UCRT 1.0.2 NOTE
r-patched-linux-x86_64 1.0.2 30.16 283.21 313.37 OK
r-patched-solaris-x86 1.0.2 468.80 NOTE
r-release-linux-x86_64 1.0.2 30.08 285.62 315.70 OK
r-release-macos-arm64 1.0.2 NOTE
r-release-macos-x86_64 1.0.2 NOTE
r-release-windows-ix86+x86_64 1.0.2 37.00 195.00 232.00 OK
r-oldrel-macos-x86_64 1.0.2 NOTE
r-oldrel-windows-ix86+x86_64 1.0.2 37.00 187.00 224.00 OK

Check Details

Version: 1.0.2
Check: data for non-ASCII characters
Result: NOTE
     Note: found 2 marked UTF-8 strings
Flavors: r-devel-linux-x86_64-fedora-clang, r-devel-linux-x86_64-fedora-gcc, r-devel-windows-x86_64-gcc10-UCRT, r-patched-solaris-x86, r-release-macos-arm64, r-release-macos-x86_64, r-oldrel-macos-x86_64