Last updated on 2022-07-03 02:51:03 CEST.
Flavor | Version | Tinstall | Tcheck | Ttotal | Status | Flags |
---|---|---|---|---|---|---|
r-devel-linux-x86_64-debian-clang | 1.2.4 | 66.01 | 135.95 | 201.96 | NOTE | |
r-devel-linux-x86_64-debian-gcc | 1.2.4 | 53.77 | 95.38 | 149.15 | NOTE | |
r-devel-linux-x86_64-fedora-clang | 1.2.4 | 283.11 | NOTE | |||
r-devel-linux-x86_64-fedora-gcc | 1.2.4 | 259.65 | NOTE | |||
r-devel-windows-x86_64 | 1.2.4 | 128.00 | 173.00 | 301.00 | NOTE | |
r-patched-linux-x86_64 | 1.2.4 | 53.40 | 130.86 | 184.26 | NOTE | |
r-release-linux-x86_64 | 1.2.4 | 60.13 | 129.30 | 189.43 | NOTE | |
r-release-macos-arm64 | 1.2.4 | 98.00 | NOTE | |||
r-release-macos-x86_64 | 1.2.4 | 97.00 | NOTE | |||
r-release-windows-x86_64 | 1.2.4 | 127.00 | 176.00 | 303.00 | NOTE | |
r-oldrel-macos-arm64 | 1.2.4 | 88.00 | NOTE | |||
r-oldrel-macos-x86_64 | 1.2.4 | 96.00 | NOTE | |||
r-oldrel-windows-ix86+x86_64 | 1.2.4 | 170.00 | 211.00 | 381.00 | NOTE |
Version: 1.2.4
Check: for GNU extensions in Makefiles
Result: NOTE
GNU make is a SystemRequirements.
Flavors: r-devel-linux-x86_64-debian-clang, r-devel-linux-x86_64-debian-gcc, r-devel-linux-x86_64-fedora-clang, r-devel-linux-x86_64-fedora-gcc, r-devel-windows-x86_64, r-patched-linux-x86_64, r-release-linux-x86_64, r-release-macos-arm64, r-release-macos-x86_64, r-release-windows-x86_64, r-oldrel-macos-arm64, r-oldrel-macos-x86_64, r-oldrel-windows-ix86+x86_64