CRAN Package Check Results for Package Gmisc

Last updated on 2021-08-04 02:49:58 CEST.

Flavor Version Tinstall Tcheck Ttotal Status Flags
r-devel-linux-x86_64-debian-clang 2.1.0 55.20 199.52 254.72 OK
r-devel-linux-x86_64-debian-gcc 2.1.0 36.03 145.15 181.18 OK
r-devel-linux-x86_64-fedora-clang 2.1.0 309.95 OK
r-devel-linux-x86_64-fedora-gcc 2.1.0 293.16 OK
r-devel-windows-x86_64 2.1.0 61.00 252.00 313.00 OK
r-devel-windows-x86_64-gcc10-UCRT 2.1.0 OK
r-patched-linux-x86_64 2.1.0 50.79 187.98 238.77 OK
r-patched-solaris-x86 2.1.0 317.80 OK --no-tests
r-release-linux-x86_64 2.1.0 41.14 188.01 229.15 OK
r-release-macos-arm64 2.1.0 WARN
r-release-macos-x86_64 2.1.0 OK
r-release-windows-ix86+x86_64 2.1.0 119.00 303.00 422.00 OK
r-oldrel-macos-x86_64 2.1.0 OK
r-oldrel-windows-ix86+x86_64 2.1.0 65.00 6.00 71.00 ERROR

Check Details

Version: 2.1.0
Check: re-building of vignette outputs
Result: WARN
    Error(s) in re-building vignettes:
    --- re-building ‘Descriptives.Rmd’ using rmarkdown
    Warning in engine$weave(file, quiet = quiet, encoding = enc) :
     Pandoc (>= 1.12.3) not available. Falling back to R Markdown v1.
    Loading required package: lattice
    Loading required package: survival
    Loading required package: Formula
    Loading required package: ggplot2
    
    Attaching package: 'Hmisc'
    
    The following objects are masked from 'package:base':
    
     format.pval, units
    
    --- finished re-building ‘Descriptives.Rmd’
    
    --- re-building ‘Grid-based_flowcharts.Rmd’ using rmarkdown
    Warning in engine$weave(file, quiet = quiet, encoding = enc) :
     Pandoc (>= 1.12.3) not available. Falling back to R Markdown v1.
    Quitting from lines 25-89 (Grid-based_flowcharts.Rmd)
    Error: processing vignette 'Grid-based_flowcharts.Rmd' failed with diagnostics:
    polygon edge not found
    --- failed re-building ‘Grid-based_flowcharts.Rmd’
    
    --- re-building ‘Transition-class.Rmd’ using rmarkdown
    Warning in engine$weave(file, quiet = quiet, encoding = enc) :
     Pandoc (>= 1.12.3) not available. Falling back to R Markdown v1.
    Loading required package: Rcpp
    Loading required package: htmlTable
    Quitting from lines 88-92 (Transition-class.Rmd)
    Error: processing vignette 'Transition-class.Rmd' failed with diagnostics:
    polygon edge not found
    --- failed re-building ‘Transition-class.Rmd’
    
    --- re-building ‘transitionPlot.Rmd’ using rmarkdown
    Warning in engine$weave(file, quiet = quiet, encoding = enc) :
     Pandoc (>= 1.12.3) not available. Falling back to R Markdown v1.
    Loading required package: Rcpp
    Loading required package: htmlTable
    Quitting from lines 92-94 (transitionPlot.Rmd)
    Error: processing vignette 'transitionPlot.Rmd' failed with diagnostics:
    polygon edge not found
    --- failed re-building ‘transitionPlot.Rmd’
    
    SUMMARY: processing the following files failed:
     ‘Grid-based_flowcharts.Rmd’ ‘Transition-class.Rmd’
     ‘transitionPlot.Rmd’
    
    Error: Vignette re-building failed.
    Execution halted
Flavor: r-release-macos-arm64

Version: 2.1.0
Check: whether package can be installed
Result: ERROR
    Installation failed.
Flavor: r-oldrel-windows-ix86+x86_64