CRAN Package Check Results for Package HMB

Last updated on 2022-01-16 02:49:31 CET.

Flavor Version Tinstall Tcheck Ttotal Status Flags
r-devel-linux-x86_64-debian-clang 1.1 118.00 47.98 165.98 OK
r-devel-linux-x86_64-debian-gcc 1.1 88.83 42.73 131.56 OK
r-devel-linux-x86_64-fedora-clang 1.1 263.41 NOTE
r-devel-linux-x86_64-fedora-gcc 1.1 228.23 OK
r-devel-windows-x86_64-new-UL 1.1 136.00 90.00 226.00 OK
r-devel-windows-x86_64-new-TK 1.1 OK
r-patched-linux-x86_64 1.1 103.59 47.13 150.72 OK
r-release-linux-x86_64 1.1 100.43 47.36 147.79 OK
r-release-macos-arm64 1.1 NOTE
r-release-macos-x86_64 1.1 NOTE
r-release-windows-ix86+x86_64 1.1 317.00 97.00 414.00 NOTE
r-oldrel-macos-x86_64 1.1 NOTE
r-oldrel-windows-ix86+x86_64 1.1 316.00 102.00 418.00 NOTE

Check Details

Version: 1.1
Check: installed package size
Result: NOTE
     installed size is 7.5Mb
     sub-directories of 1Mb or more:
     data 3.5Mb
     libs 3.8Mb
Flavors: r-devel-linux-x86_64-fedora-clang, r-release-macos-arm64, r-release-macos-x86_64, r-release-windows-ix86+x86_64, r-oldrel-macos-x86_64, r-oldrel-windows-ix86+x86_64