CRAN Package Check Results for Package HMMcopula

Last updated on 2022-06-29 02:55:12 CEST.

Flavor Version Tinstall Tcheck Ttotal Status Flags
r-devel-linux-x86_64-debian-clang 1.0.4 13.22 87.99 101.21 NOTE
r-devel-linux-x86_64-debian-gcc 1.0.4 9.04 67.86 76.90 NOTE
r-devel-linux-x86_64-fedora-clang 1.0.4 135.15 NOTE
r-devel-linux-x86_64-fedora-gcc 1.0.4 127.72 NOTE
r-devel-windows-x86_64 1.0.4 30.00 110.00 140.00 NOTE
r-patched-linux-x86_64 1.0.4 12.04 84.87 96.91 NOTE
r-release-linux-x86_64 1.0.4 8.97 85.24 94.21 NOTE
r-release-macos-arm64 1.0.4 36.00 NOTE
r-release-macos-x86_64 1.0.4 50.00 NOTE
r-release-windows-x86_64 1.0.4 36.00 105.00 141.00 NOTE
r-oldrel-macos-arm64 1.0.4 41.00 NOTE
r-oldrel-macos-x86_64 1.0.4 73.00 NOTE
r-oldrel-windows-ix86+x86_64 1.0.4 22.00 104.00 126.00 NOTE

Check Details

Version: 1.0.4
Check: LazyData
Result: NOTE
     'LazyData' is specified without a 'data' directory
Flavors: r-devel-linux-x86_64-debian-clang, r-devel-linux-x86_64-debian-gcc, r-devel-linux-x86_64-fedora-clang, r-devel-linux-x86_64-fedora-gcc, r-devel-windows-x86_64, r-patched-linux-x86_64, r-release-linux-x86_64, r-release-macos-arm64, r-release-macos-x86_64, r-release-windows-x86_64, r-oldrel-macos-arm64, r-oldrel-macos-x86_64, r-oldrel-windows-ix86+x86_64