Last updated on 2023-06-06 02:55:43 CEST.
Flavor | Version | Tinstall | Tcheck | Ttotal | Status | Flags |
---|---|---|---|---|---|---|
r-devel-linux-x86_64-debian-clang | 0.1.6 | 31.83 | 102.11 | 133.94 | NOTE | |
r-devel-linux-x86_64-debian-gcc | 0.1.6 | 28.57 | 78.08 | 106.65 | NOTE | |
r-devel-linux-x86_64-fedora-clang | 0.1.6 | 176.71 | NOTE | |||
r-devel-linux-x86_64-fedora-gcc | 0.1.6 | 168.45 | NOTE | |||
r-devel-windows-x86_64 | 0.1.6 | 27.00 | 138.00 | 165.00 | NOTE | |
r-patched-linux-x86_64 | 0.1.6 | 30.99 | 98.13 | 129.12 | NOTE | |
r-release-linux-x86_64 | 0.1.6 | 31.66 | 98.11 | 129.77 | NOTE | |
r-release-macos-arm64 | 0.1.6 | 53.00 | NOTE | |||
r-release-macos-x86_64 | 0.1.6 | 81.00 | NOTE | |||
r-release-windows-x86_64 | 0.1.6 | 34.00 | 142.00 | 176.00 | NOTE | |
r-oldrel-macos-arm64 | 0.1.6 | 63.00 | NOTE | |||
r-oldrel-macos-x86_64 | 0.1.6 | 63.00 | NOTE | |||
r-oldrel-windows-x86_64 | 0.1.6 | 34.00 | 141.00 | 175.00 | NOTE |
Version: 0.1.6
Check: C++ specification
Result: NOTE
Specified C++11: please drop specification unless essential
Flavors: r-devel-linux-x86_64-debian-clang, r-devel-linux-x86_64-debian-gcc, r-devel-linux-x86_64-fedora-clang, r-devel-linux-x86_64-fedora-gcc, r-devel-windows-x86_64, r-patched-linux-x86_64, r-release-linux-x86_64, r-release-macos-arm64, r-release-macos-x86_64, r-release-windows-x86_64
Version: 0.1.6
Check: LazyData
Result: NOTE
'LazyData' is specified without a 'data' directory
Flavors: r-devel-linux-x86_64-debian-clang, r-devel-linux-x86_64-debian-gcc, r-devel-linux-x86_64-fedora-clang, r-devel-linux-x86_64-fedora-gcc, r-devel-windows-x86_64, r-patched-linux-x86_64, r-release-linux-x86_64, r-release-macos-arm64, r-release-macos-x86_64, r-release-windows-x86_64, r-oldrel-macos-arm64, r-oldrel-macos-x86_64, r-oldrel-windows-x86_64