Last updated on 2022-06-29 02:55:12 CEST.
Flavor | Version | Tinstall | Tcheck | Ttotal | Status | Flags |
---|---|---|---|---|---|---|
r-devel-linux-x86_64-debian-clang | 1.4 | 10.94 | 114.51 | 125.45 | OK | |
r-devel-linux-x86_64-debian-gcc | 1.4 | 10.22 | 84.01 | 94.23 | OK | |
r-devel-linux-x86_64-fedora-clang | 1.4 | 163.55 | WARN | |||
r-devel-linux-x86_64-fedora-gcc | 1.4 | 153.17 | WARN | |||
r-devel-windows-x86_64 | 1.4 | 31.00 | 143.00 | 174.00 | OK | |
r-patched-linux-x86_64 | 1.4 | 9.64 | 105.34 | 114.98 | OK | |
r-release-linux-x86_64 | 1.4 | 9.50 | 105.19 | 114.69 | OK | |
r-release-macos-arm64 | 1.4 | 45.00 | OK | |||
r-release-macos-x86_64 | 1.4 | 78.00 | OK | |||
r-release-windows-x86_64 | 1.4 | 26.00 | 144.00 | 170.00 | OK | |
r-oldrel-macos-arm64 | 1.4 | 52.00 | OK | |||
r-oldrel-macos-x86_64 | 1.4 | 93.00 | OK | |||
r-oldrel-windows-ix86+x86_64 | 1.4 | 28.00 | 132.00 | 160.00 | OK |
Version: 1.4
Check: package dependencies
Result: WARN
Requires (indirectly) orphaned package: ‘gtools’
Flavors: r-devel-linux-x86_64-fedora-clang, r-devel-linux-x86_64-fedora-gcc