CRAN Package Check Results for Package HRM

Last updated on 2021-08-02 02:49:50 CEST.

Flavor Version Tinstall Tcheck Ttotal Status Flags
r-devel-linux-x86_64-debian-clang 1.2.1 41.76 239.88 281.64 OK
r-devel-linux-x86_64-debian-gcc 1.2.1 31.57 185.36 216.93 OK
r-devel-linux-x86_64-fedora-clang 1.2.1 326.99 OK
r-devel-linux-x86_64-fedora-gcc 1.2.1 311.75 OK
r-devel-windows-x86_64 1.2.1 69.00 243.00 312.00 OK
r-devel-windows-x86_64-gcc10-UCRT 1.2.1 OK
r-patched-linux-x86_64 1.2.1 OK
r-patched-solaris-x86 1.2.1 418.30 OK
r-release-linux-x86_64 1.2.1 36.94 224.27 261.21 OK
r-release-macos-arm64 1.2.1 NOTE
r-release-macos-x86_64 1.2.1 OK
r-release-windows-ix86+x86_64 1.2.1 78.00 294.00 372.00 OK
r-oldrel-macos-x86_64 1.2.1 OK
r-oldrel-windows-ix86+x86_64 1.2.1 81.00 356.00 437.00 OK

Check Details

Version: 1.2.1
Check: package dependencies
Result: NOTE
    Packages suggested but not available for checking: 'RGtk2', 'cairoDevice'
Flavor: r-release-macos-arm64