CRAN Package Check Results for Package HelpersMG

Last updated on 2022-01-27 02:51:29 CET.

Flavor Version Tinstall Tcheck Ttotal Status Flags
r-devel-linux-x86_64-debian-clang 5.0 16.62 137.72 154.34 OK
r-devel-linux-x86_64-debian-gcc 5.0 19.42 102.97 122.39 OK
r-devel-linux-x86_64-fedora-clang 5.0 204.48 OK
r-devel-linux-x86_64-fedora-gcc 5.0 182.61 OK
r-devel-windows-x86_64-new-UL 5.0 160.00 187.00 347.00 OK
r-devel-windows-x86_64-new-TK 5.0 ERROR
r-patched-linux-x86_64 5.0 22.76 128.40 151.16 OK
r-release-linux-x86_64 4.8 15.35 113.95 129.30 OK
r-release-macos-arm64 4.8 OK
r-release-macos-x86_64 5.0 OK
r-release-windows-ix86+x86_64 5.0 36.00 160.00 196.00 OK
r-oldrel-macos-x86_64 4.7-0 OK
r-oldrel-windows-ix86+x86_64 4.7-0 32.00 143.00 175.00 OK

Check Details

Version: 5.0
Check: package dependencies
Result: ERROR
    Package required but not available: 'lme4'
    
    See section 'The DESCRIPTION file' in the 'Writing R Extensions'
    manual.
Flavor: r-devel-windows-x86_64-new-TK