CRAN Package Check Results for Package HistDAWass

Last updated on 2021-09-18 02:51:58 CEST.

Flavor Version Tinstall Tcheck Ttotal Status Flags
r-devel-linux-x86_64-debian-clang 1.0.6 70.70 111.20 181.90 OK
r-devel-linux-x86_64-debian-gcc 1.0.6 51.09 80.31 131.40 OK
r-devel-linux-x86_64-fedora-clang 1.0.6 243.44 NOTE
r-devel-linux-x86_64-fedora-gcc 1.0.6 214.27 OK
r-devel-windows-x86_64 1.0.6 61.00 110.00 171.00 OK
r-devel-windows-x86_64-gcc10-UCRT 1.0.6 OK
r-patched-linux-x86_64 1.0.6 56.36 102.20 158.56 OK
r-patched-solaris-x86 1.0.6 235.50 OK
r-release-linux-x86_64 1.0.6 59.20 103.83 163.03 OK
r-release-macos-arm64 1.0.6 NOTE
r-release-macos-x86_64 1.0.6 NOTE
r-release-windows-ix86+x86_64 1.0.6 142.00 183.00 325.00 OK
r-oldrel-macos-x86_64 1.0.6 NOTE
r-oldrel-windows-ix86+x86_64 1.0.6 142.00 139.00 281.00 OK

Check Details

Version: 1.0.6
Check: installed package size
Result: NOTE
     installed size is 6.9Mb
     sub-directories of 1Mb or more:
     data 1.0Mb
     libs 5.1Mb
Flavors: r-devel-linux-x86_64-fedora-clang, r-release-macos-arm64, r-release-macos-x86_64, r-oldrel-macos-x86_64