CRAN Package Check Results for Package IETD

Last updated on 2022-06-27 02:54:29 CEST.

Flavor Version Tinstall Tcheck Ttotal Status Flags
r-devel-linux-x86_64-debian-clang 1.0.0 7.10 74.29 81.39 OK
r-devel-linux-x86_64-debian-gcc 1.0.0 6.37 54.52 60.89 OK
r-devel-linux-x86_64-fedora-clang 1.0.0 110.07 NOTE
r-devel-linux-x86_64-fedora-gcc 1.0.0 104.98 NOTE
r-devel-windows-x86_64 1.0.0 17.00 121.00 138.00 OK
r-patched-linux-x86_64 1.0.0 7.23 67.96 75.19 OK
r-release-linux-x86_64 1.0.0 6.24 67.56 73.80 OK
r-release-macos-arm64 1.0.0 39.00 NOTE
r-release-macos-x86_64 1.0.0 55.00 NOTE
r-release-windows-x86_64 1.0.0 10.00 124.00 134.00 OK
r-oldrel-macos-arm64 1.0.0 34.00 NOTE
r-oldrel-macos-x86_64 1.0.0 48.00 NOTE
r-oldrel-windows-ix86+x86_64 1.0.0 18.00 115.00 133.00 OK

Check Details

Version: 1.0.0
Check: dependencies in R code
Result: NOTE
    Namespace in Imports field not imported from: ‘Rdpack’
     All declared Imports should be used.
Flavors: r-devel-linux-x86_64-fedora-clang, r-devel-linux-x86_64-fedora-gcc, r-release-macos-arm64, r-release-macos-x86_64, r-oldrel-macos-arm64, r-oldrel-macos-x86_64