CRAN Package Check Results for Package IRTShiny

Last updated on 2021-09-18 02:51:59 CEST.

Flavor Version Tinstall Tcheck Ttotal Status Flags
r-devel-linux-x86_64-debian-clang 1.2 7.18 71.48 78.66 NOTE
r-devel-linux-x86_64-debian-gcc 1.2 6.41 55.87 62.28 NOTE
r-devel-linux-x86_64-fedora-clang 1.2 103.27 NOTE
r-devel-linux-x86_64-fedora-gcc 1.2 93.83 NOTE
r-devel-windows-x86_64 1.2 10.00 76.00 86.00 NOTE
r-devel-windows-x86_64-gcc10-UCRT 1.2 NOTE
r-patched-linux-x86_64 1.2 8.02 68.80 76.82 NOTE
r-patched-solaris-x86 1.2 141.80 NOTE
r-release-linux-x86_64 1.2 7.90 69.08 76.98 NOTE
r-release-macos-arm64 1.2 NOTE
r-release-macos-x86_64 1.2 NOTE
r-release-windows-ix86+x86_64 1.2 19.00 89.00 108.00 NOTE
r-oldrel-macos-x86_64 1.2 OK
r-oldrel-windows-ix86+x86_64 1.2 20.00 75.00 95.00 OK

Check Details

Version: 1.2
Check: LazyData
Result: NOTE
     'LazyData' is specified without a 'data' directory
Flavors: r-devel-linux-x86_64-debian-clang, r-devel-linux-x86_64-debian-gcc, r-devel-linux-x86_64-fedora-clang, r-devel-linux-x86_64-fedora-gcc, r-devel-windows-x86_64, r-devel-windows-x86_64-gcc10-UCRT, r-patched-linux-x86_64, r-patched-solaris-x86, r-release-linux-x86_64, r-release-macos-arm64, r-release-macos-x86_64, r-release-windows-ix86+x86_64