CRAN Package Check Results for Package JGEE

Last updated on 2021-09-22 02:49:24 CEST.

Flavor Version Tinstall Tcheck Ttotal Status Flags
r-devel-linux-x86_64-debian-clang 1.1 3.87 31.56 35.43 OK
r-devel-linux-x86_64-debian-gcc 1.1 3.46 24.41 27.87 OK
r-devel-linux-x86_64-fedora-clang 1.1 51.40 OK
r-devel-linux-x86_64-fedora-gcc 1.1 41.62 OK
r-devel-windows-x86_64 1.1 4.00 35.00 39.00 OK
r-devel-windows-x86_64-gcc10-UCRT 1.1 ERROR
r-patched-linux-x86_64 1.1 3.59 31.20 34.79 OK
r-patched-solaris-x86 1.1 61.30 OK
r-release-linux-x86_64 1.1 3.68 30.95 34.63 OK
r-release-macos-arm64 1.1 OK
r-release-macos-x86_64 1.1 OK
r-release-windows-ix86+x86_64 1.1 8.00 46.00 54.00 OK
r-oldrel-macos-x86_64 1.1 OK
r-oldrel-windows-ix86+x86_64 1.1 8.00 35.00 43.00 OK

Check Details

Version: 1.1
Check: whether package can be installed
Result: WARN
    Found the following significant warnings:
     WARNING: installation-time patches will not be applied, could not get the patches index
Flavor: r-devel-windows-x86_64-gcc10-UCRT

Version: 1.1
Check: PDF version of manual
Result: WARN
    LaTeX errors when creating PDF version.
    This typically indicates Rd problems.
Flavor: r-devel-windows-x86_64-gcc10-UCRT

Version: 1.1
Check: PDF version of manual without hyperrefs or index
Result: ERROR
    Re-running with no redirection of stdout/stderr.
Flavor: r-devel-windows-x86_64-gcc10-UCRT