Last updated on 2023-05-28 02:55:52 CEST.
Flavor | Version | Tinstall | Tcheck | Ttotal | Status | Flags |
---|---|---|---|---|---|---|
r-devel-linux-x86_64-debian-clang | 1.0.5 | 17.04 | 177.23 | 194.27 | OK | |
r-devel-linux-x86_64-debian-gcc | 1.0.5 | 14.75 | 129.23 | 143.98 | OK | |
r-devel-linux-x86_64-fedora-clang | 1.0.5 | 247.05 | OK | |||
r-devel-linux-x86_64-fedora-gcc | 1.0.5 | 289.31 | OK | |||
r-devel-windows-x86_64 | 1.0.5 | 17.00 | 151.00 | 168.00 | OK | |
r-patched-linux-x86_64 | 1.0.5 | 17.34 | 165.28 | 182.62 | OK | |
r-release-linux-x86_64 | 1.0.5 | 12.35 | 163.27 | 175.62 | OK | |
r-release-macos-arm64 | 1.0.5 | 93.00 | OK | |||
r-release-macos-x86_64 | 1.0.4 | 123.00 | NOTE | |||
r-release-windows-x86_64 | 1.0.5 | 21.00 | 180.00 | 201.00 | OK | |
r-oldrel-macos-arm64 | 1.0.5 | 75.00 | OK | |||
r-oldrel-macos-x86_64 | 1.0.5 | 111.00 | OK | |||
r-oldrel-windows-x86_64 | 1.0.5 | 22.00 | 162.00 | 184.00 | OK |
Version: 1.0.4
Check: package dependencies
Result: NOTE
Package suggested but not available for checking: ‘ggpubr’
Flavor: r-release-macos-x86_64