Last updated on 2023-06-06 02:55:44 CEST.
Flavor | Version | Tinstall | Tcheck | Ttotal | Status | Flags |
---|---|---|---|---|---|---|
r-devel-linux-x86_64-debian-clang | 1.0.0 | 2.85 | 35.88 | 38.73 | OK | |
r-devel-linux-x86_64-debian-gcc | 1.0.0 | 2.35 | 27.00 | 29.35 | OK | |
r-devel-linux-x86_64-fedora-clang | 1.0.0 | 48.37 | NOTE | |||
r-devel-linux-x86_64-fedora-gcc | 1.0.0 | 48.34 | NOTE | |||
r-devel-windows-x86_64 | 1.0.0 | 3.00 | 51.00 | 54.00 | OK | |
r-patched-linux-x86_64 | 1.0.0 | 3.00 | 34.45 | 37.45 | OK | |
r-release-linux-x86_64 | 1.0.0 | 2.10 | 34.28 | 36.38 | OK | |
r-release-macos-arm64 | 1.0.0 | 22.00 | OK | |||
r-release-macos-x86_64 | 1.0.0 | 26.00 | OK | |||
r-release-windows-x86_64 | 1.0.0 | 5.00 | 54.00 | 59.00 | OK | |
r-oldrel-macos-arm64 | 1.0.0 | 23.00 | NOTE | |||
r-oldrel-macos-x86_64 | 1.0.0 | 30.00 | NOTE | |||
r-oldrel-windows-x86_64 | 1.0.0 | 5.00 | 52.00 | 57.00 | OK |
Version: 1.0.0
Check: dependencies in R code
Result: NOTE
Namespace in Imports field not imported from: ‘base’
All declared Imports should be used.
Flavors: r-devel-linux-x86_64-fedora-clang, r-devel-linux-x86_64-fedora-gcc, r-oldrel-macos-arm64, r-oldrel-macos-x86_64