CRAN Package Check Results for Package Kendall

Last updated on 2022-11-30 01:54:17 CET.

Flavor Version Tinstall Tcheck Ttotal Status Flags
r-devel-linux-x86_64-debian-clang 2.2.1 3.03 28.44 31.47 OK
r-devel-linux-x86_64-debian-gcc 2.2.1 2.07 22.51 24.58 OK
r-devel-linux-x86_64-fedora-clang 2.2.1 50.50 NOTE
r-devel-linux-x86_64-fedora-gcc 2.2.1 50.48 NOTE
r-devel-windows-x86_64 2.2.1 14.00 80.00 94.00 OK
r-patched-linux-x86_64 2.2.1 2.87 26.92 29.79 OK
r-release-linux-x86_64 2.2.1 2.45 26.64 29.09 OK
r-release-macos-arm64 2.2.1 19.00 OK
r-release-macos-x86_64 2.2.1 23.00 OK
r-release-windows-x86_64 2.2.1 14.00 58.00 72.00 OK
r-oldrel-macos-arm64 2.2.1 18.00 OK
r-oldrel-macos-x86_64 2.2.1 40.00 OK
r-oldrel-windows-ix86+x86_64 2.2.1 10.00 65.00 75.00 OK

Check Details

Version: 2.2.1
Check: compiled code
Result: NOTE
    File ‘Kendall/libs/Kendall.so’:
     Found no calls to: ‘R_registerRoutines’, ‘R_useDynamicSymbols’
    
    It is good practice to register native routines and to disable symbol
    search.
    
    See ‘Writing portable packages’ in the ‘Writing R Extensions’ manual.
Flavors: r-devel-linux-x86_64-fedora-clang, r-devel-linux-x86_64-fedora-gcc