CRAN Package Check Results for Package Kpart

Last updated on 2021-09-22 02:49:25 CEST.

Flavor Version Tinstall Tcheck Ttotal Status Flags
r-devel-linux-x86_64-debian-clang 1.2.2 1.89 20.90 22.79 OK
r-devel-linux-x86_64-debian-gcc 1.2.2 1.43 16.70 18.13 OK
r-devel-linux-x86_64-fedora-clang 1.2.2 36.87 OK
r-devel-linux-x86_64-fedora-gcc 1.2.2 26.49 OK
r-devel-windows-x86_64 1.2.2 3.00 25.00 28.00 OK
r-devel-windows-x86_64-gcc10-UCRT 1.2.2 ERROR
r-patched-linux-x86_64 1.2.2 1.63 20.46 22.09 OK
r-patched-solaris-x86 1.2.2 40.80 OK
r-release-linux-x86_64 1.2.2 1.86 20.13 21.99 OK
r-release-macos-arm64 1.2.2 OK
r-release-macos-x86_64 1.2.2 OK
r-release-windows-ix86+x86_64 1.2.2 6.00 35.00 41.00 OK
r-oldrel-macos-x86_64 1.2.2 OK
r-oldrel-windows-ix86+x86_64 1.2.2 4.00 28.00 32.00 OK

Check Details

Version: 1.2.2
Check: whether package can be installed
Result: WARN
    Found the following significant warnings:
     WARNING: installation-time patches will not be applied, could not get the patches index
Flavor: r-devel-windows-x86_64-gcc10-UCRT

Version: 1.2.2
Check: PDF version of manual
Result: WARN
    LaTeX errors when creating PDF version.
    This typically indicates Rd problems.
Flavor: r-devel-windows-x86_64-gcc10-UCRT

Version: 1.2.2
Check: PDF version of manual without hyperrefs or index
Result: ERROR
    Re-running with no redirection of stdout/stderr.
Flavor: r-devel-windows-x86_64-gcc10-UCRT