Last updated on 2023-03-27 02:52:17 CEST.
Flavor | Version | Tinstall | Tcheck | Ttotal | Status | Flags |
---|---|---|---|---|---|---|
r-devel-linux-x86_64-debian-clang | 0.1.2 | 7.89 | 63.19 | 71.08 | OK | |
r-devel-linux-x86_64-debian-gcc | 0.1.2 | 5.27 | 48.15 | 53.42 | OK | |
r-devel-linux-x86_64-fedora-gcc | 0.1.2 | 97.44 | NOTE | |||
r-devel-windows-x86_64 | 0.1.2 | 33.00 | 99.00 | 132.00 | OK | |
r-patched-linux-x86_64 | 0.1.2 | 13.09 | 60.22 | 73.31 | OK | |
r-release-linux-x86_64 | 0.1.2 | 6.31 | 59.99 | 66.30 | OK | |
r-release-macos-arm64 | 0.1.2 | 31.00 | NOTE | |||
r-release-macos-x86_64 | 0.1.2 | 45.00 | NOTE | |||
r-release-windows-x86_64 | 0.1.2 | 19.00 | 97.00 | 116.00 | OK | |
r-oldrel-macos-arm64 | 0.1.2 | 37.00 | NOTE | |||
r-oldrel-macos-x86_64 | 0.1.2 | 47.00 | NOTE | |||
r-oldrel-windows-ix86+x86_64 | 0.1.2 | 20.00 | 91.00 | 111.00 | OK |
Version: 0.1.2
Check: dependencies in R code
Result: NOTE
Namespaces in Imports field not imported from:
‘DT’ ‘SnowballC’ ‘chinese.misc’ ‘dplyr’ ‘factoextra’ ‘glasso’
‘highcharter’ ‘htmlwidgets’ ‘ldatuning’ ‘qgraph’ ‘quanteda’ ‘rvest’
‘shinyBS’ ‘shinyWidgets’ ‘shinyalert’ ‘shinybusy’ ‘shinycssloaders’
‘shinydashboard’ ‘shinyjs’ ‘stringr’ ‘textmineR’ ‘textplot’ ‘tidyr’
‘topicmodels’
All declared Imports should be used.
Flavors: r-devel-linux-x86_64-fedora-gcc, r-release-macos-arm64, r-release-macos-x86_64, r-oldrel-macos-arm64, r-oldrel-macos-x86_64