CRAN Package Check Results for Package LSRS

Last updated on 2022-08-14 02:51:48 CEST.

Flavor Version Tinstall Tcheck Ttotal Status Flags
r-devel-linux-x86_64-debian-clang 0.2.0 1.65 21.62 23.27 NOTE
r-devel-linux-x86_64-debian-gcc 0.2.0 1.48 16.62 18.10 NOTE
r-devel-linux-x86_64-fedora-clang 0.2.0 39.52 NOTE
r-devel-linux-x86_64-fedora-gcc 0.2.0 38.57 NOTE
r-devel-windows-x86_64 0.2.0 8.00 44.00 52.00 NOTE
r-patched-linux-x86_64 0.2.0 1.83 21.01 22.84 NOTE
r-release-linux-x86_64 0.2.0 1.84 21.14 22.98 NOTE
r-release-macos-arm64 0.2.0 16.00 NOTE
r-release-macos-x86_64 0.2.0 19.00 NOTE
r-release-windows-x86_64 0.2.0 5.00 45.00 50.00 NOTE
r-oldrel-macos-arm64 0.2.0 17.00 NOTE
r-oldrel-macos-x86_64 0.2.0 25.00 NOTE
r-oldrel-windows-ix86+x86_64 0.2.0 5.00 41.00 46.00 NOTE

Check Details

Version: 0.2.0
Check: LazyData
Result: NOTE
     'LazyData' is specified without a 'data' directory
Flavors: r-devel-linux-x86_64-debian-clang, r-devel-linux-x86_64-debian-gcc, r-devel-linux-x86_64-fedora-clang, r-devel-linux-x86_64-fedora-gcc, r-devel-windows-x86_64, r-patched-linux-x86_64, r-release-linux-x86_64, r-release-macos-arm64, r-release-macos-x86_64, r-release-windows-x86_64, r-oldrel-macos-arm64, r-oldrel-macos-x86_64, r-oldrel-windows-ix86+x86_64