CRAN Package Check Results for Package Lahman

Last updated on 2021-07-30 02:51:42 CEST.

Flavor Version Tinstall Tcheck Ttotal Status Flags
r-devel-linux-x86_64-debian-clang 9.0-0 OK
r-devel-linux-x86_64-debian-gcc 9.0-0 44.24 72.36 116.60 OK
r-devel-linux-x86_64-fedora-clang 9.0-0 190.96 NOTE
r-devel-linux-x86_64-fedora-gcc 9.0-0 188.95 OK
r-devel-windows-x86_64 9.0-0 52.00 128.00 180.00 NOTE
r-devel-windows-x86_64-gcc10-UCRT 9.0-0 OK
r-patched-linux-x86_64 9.0-0 OK
r-patched-solaris-x86 9.0-0 331.90 NOTE
r-release-linux-x86_64 9.0-0 44.13 89.39 133.52 OK
r-release-macos-arm64 9.0-0 WARN
r-release-macos-x86_64 9.0-0 NOTE
r-release-windows-ix86+x86_64 9.0-0 67.00 130.00 197.00 NOTE
r-oldrel-macos-x86_64 9.0-0 NOTE
r-oldrel-windows-ix86+x86_64 9.0-0 51.00 130.00 181.00 NOTE

Check Details

Version: 9.0-0
Check: installed package size
Result: NOTE
     installed size is 6.7Mb
     sub-directories of 1Mb or more:
     data 6.0Mb
Flavors: r-devel-linux-x86_64-fedora-clang, r-devel-windows-x86_64, r-patched-solaris-x86, r-release-macos-arm64, r-release-macos-x86_64, r-release-windows-ix86+x86_64, r-oldrel-macos-x86_64, r-oldrel-windows-ix86+x86_64

Version: 9.0-0
Check: Rd cross-references
Result: NOTE
    Undeclared package ‘plyr’ in Rd xrefs
Flavor: r-devel-linux-x86_64-fedora-clang

Version: 9.0-0
Check: re-building of vignette outputs
Result: WARN
    Error(s) in re-building vignettes:
    --- re-building ‘hits-by-type.Rmd’ using rmarkdown
    Warning in engine$weave(file, quiet = quiet, encoding = enc) :
     Pandoc (>= 1.12.3) not available. Falling back to R Markdown v1.
    
    Attaching package: 'dplyr'
    
    The following objects are masked from 'package:stats':
    
     filter, lag
    
    The following objects are masked from 'package:base':
    
     intersect, setdiff, setequal, union
    
    Warning: `funs()` was deprecated in dplyr 0.8.0.
    Please use a list of either functions or lambdas:
    
     # Simple named list:
     list(mean = mean, median = median)
    
     # Auto named with `tibble::lst()`:
     tibble::lst(mean, median)
    
     # Using lambdas
     list(~ mean(., trim = .2), ~ median(., na.rm = TRUE))
    This warning is displayed once every 8 hours.
    Call `lifecycle::last_warnings()` to see where this warning was generated.
    Warning in grid.Call(C_stringMetric, as.graphicsAnnot(x$label)) :
     no font could be found for family "Arial"
    Warning in grid.Call(C_stringMetric, as.graphicsAnnot(x$label)) :
     no font could be found for family "Arial"
    Warning in grid.Call(C_stringMetric, as.graphicsAnnot(x$label)) :
     no font could be found for family "Arial"
    Warning in grid.Call(C_stringMetric, as.graphicsAnnot(x$label)) :
     no font could be found for family "Arial"
    Warning in grid.Call(C_stringMetric, as.graphicsAnnot(x$label)) :
     no font could be found for family "Arial"
    Warning in grid.Call(C_stringMetric, as.graphicsAnnot(x$label)) :
     no font could be found for family "Arial"
    Warning in grid.Call(C_stringMetric, as.graphicsAnnot(x$label)) :
     no font could be found for family "Arial"
    Warning in grid.Call(C_stringMetric, as.graphicsAnnot(x$label)) :
     no font could be found for family "Arial"
    Warning in grid.Call(C_stringMetric, as.graphicsAnnot(x$label)) :
     no font could be found for family "Arial"
    Warning in grid.Call(C_stringMetric, as.graphicsAnnot(x$label)) :
     no font could be found for family "Arial"
    Warning in grid.Call(C_stringMetric, as.graphicsAnnot(x$label)) :
     no font could be found for family "Arial"
    Warning in grid.Call(C_stringMetric, as.graphicsAnnot(x$label)) :
     no font could be found for family "Arial"
    Warning in grid.Call(C_stringMetric, as.graphicsAnnot(x$label)) :
     no font could be found for family "Arial"
    Warning in grid.Call(C_stringMetric, as.graphicsAnnot(x$label)) :
     no font could be found for family "Arial"
    Warning in grid.Call(C_stringMetric, as.graphicsAnnot(x$label)) :
     no font could be found for family "Arial"
    Warning in grid.Call(C_stringMetric, as.graphicsAnnot(x$label)) :
     no font could be found for family "Arial"
    Warning in grid.Call(C_stringMetric, as.graphicsAnnot(x$label)) :
     no font could be found for family "Arial"
    Warning in grid.Call(C_stringMetric, as.graphicsAnnot(x$label)) :
     no font could be found for family "Arial"
    Warning in grid.Call(C_stringMetric, as.graphicsAnnot(x$label)) :
     no font could be found for family "Arial"
    Warning in grid.Call(C_stringMetric, as.graphicsAnnot(x$label)) :
     no font could be found for family "Arial"
    Warning in grid.Call(C_stringMetric, as.graphicsAnnot(x$label)) :
     no font could be found for family "Arial"
    Warning in grid.Call(C_stringMetric, as.graphicsAnnot(x$label)) :
     no font could be found for family "Arial"
    Warning in grid.Call(C_stringMetric, as.graphicsAnnot(x$label)) :
     no font could be found for family "Arial"
    Warning in grid.Call(C_stringMetric, as.graphicsAnnot(x$label)) :
     no font could be found for family "Arial"
    Warning in grid.Call(C_stringMetric, as.graphicsAnnot(x$label)) :
     no font could be found for family "Arial"
    Warning in grid.Call(C_stringMetric, as.graphicsAnnot(x$label)) :
     no font could be found for family "Arial"
    Warning in grid.Call(C_stringMetric, as.graphicsAnnot(x$label)) :
     no font could be found for family "Arial"
    Warning in grid.Call(C_stringMetric, as.graphicsAnnot(x$label)) :
     no font could be found for family "Arial"
    Warning in grid.Call(C_textBounds, as.graphicsAnnot(x$label), x$x, x$y, :
     no font could be found for family "Arial"
    Quitting from lines 84-96 (hits-by-type.Rmd)
    Error: processing vignette 'hits-by-type.Rmd' failed with diagnostics:
    polygon edge not found
    --- failed re-building ‘hits-by-type.Rmd’
    
    --- re-building ‘payroll.Rmd’ using rmarkdown
    Warning in engine$weave(file, quiet = quiet, encoding = enc) :
     Pandoc (>= 1.12.3) not available. Falling back to R Markdown v1.
    
    Attaching package: 'dplyr'
    
    The following objects are masked from 'package:stats':
    
     filter, lag
    
    The following objects are masked from 'package:base':
    
     intersect, setdiff, setequal, union
    
    `summarise()` has grouped output by 'teamID'. You can override using the `.groups` argument.
    Warning in axis(side = base::quote(1), at = base::quote(1:32), labels = base::quote(c("1985", :
     no font could be found for family "Arial"
    Warning in axis(side = base::quote(1), at = base::quote(1:32), labels = base::quote(c("1985", :
     no font could be found for family "Arial"
    Warning in axis(side = base::quote(1), at = base::quote(1:32), labels = base::quote(c("1985", :
     no font could be found for family "Arial"
    Warning in axis(side = base::quote(1), at = base::quote(1:32), labels = base::quote(c("1985", :
     no font could be found for family "Arial"
    Warning in axis(side = base::quote(1), at = base::quote(1:32), labels = base::quote(c("1985", :
     no font could be found for family "Arial"
    Warning in axis(side = base::quote(1), at = base::quote(1:32), labels = base::quote(c("1985", :
     no font could be found for family "Arial"
    Warning in axis(side = base::quote(1), at = base::quote(1:32), labels = base::quote(c("1985", :
     no font could be found for family "Arial"
    Warning in axis(side = base::quote(1), at = base::quote(1:32), labels = base::quote(c("1985", :
     no font could be found for family "Arial"
    Warning in axis(side = base::quote(1), at = base::quote(1:32), labels = base::quote(c("1985", :
     no font could be found for family "Arial"
    Warning in axis(side = base::quote(1), at = base::quote(1:32), labels = base::quote(c("1985", :
     no font could be found for family "Arial"
    Warning in axis(side = base::quote(1), at = base::quote(1:32), labels = base::quote(c("1985", :
     no font could be found for family "Arial"
    Warning in axis(side = base::quote(1), at = base::quote(1:32), labels = base::quote(c("1985", :
     no font could be found for family "Arial"
    Warning in axis(side = base::quote(1), at = base::quote(1:32), labels = base::quote(c("1985", :
     no font could be found for family "Arial"
    Warning in axis(side = base::quote(1), at = base::quote(1:32), labels = base::quote(c("1985", :
     no font could be found for family "Arial"
    Warning in axis(side = base::quote(1), at = base::quote(1:32), labels = base::quote(c("1985", :
     no font could be found for family "Arial"
    Warning in axis(side = base::quote(1), at = base::quote(1:32), labels = base::quote(c("1985", :
     no font could be found for family "Arial"
    Warning in axis(side = base::quote(1), at = base::quote(1:32), labels = base::quote(c("1985", :
     no font could be found for family "Arial"
    Warning in axis(side = base::quote(1), at = base::quote(1:32), labels = base::quote(c("1985", :
     no font could be found for family "Arial"
    Warning in axis(side = base::quote(1), at = base::quote(1:32), labels = base::quote(c("1985", :
     no font could be found for family "Arial"
    Warning in axis(side = base::quote(1), at = base::quote(1:32), labels = base::quote(c("1985", :
     no font could be found for family "Arial"
    Warning in axis(side = base::quote(1), at = base::quote(1:32), labels = base::quote(c("1985", :
     no font could be found for family "Arial"
    Warning in axis(side = base::quote(1), at = base::quote(1:32), labels = base::quote(c("1985", :
     no font could be found for family "Arial"
    Warning in axis(side = base::quote(1), at = base::quote(1:32), labels = base::quote(c("1985", :
     no font could be found for family "Arial"
    Warning in axis(side = base::quote(1), at = base::quote(1:32), labels = base::quote(c("1985", :
     no font could be found for family "Arial"
    Warning in axis(side = base::quote(1), at = base::quote(1:32), labels = base::quote(c("1985", :
     no font could be found for family "Arial"
    Warning in axis(side = base::quote(1), at = base::quote(1:32), labels = base::quote(c("1985", :
     no font could be found for family "Arial"
    Warning in axis(side = base::quote(1), at = base::quote(1:32), labels = base::quote(c("1985", :
     no font could be found for family "Arial"
    Warning in axis(side = base::quote(1), at = base::quote(1:32), labels = base::quote(c("1985", :
     no font could be found for family "Arial"
    Warning in axis(side = base::quote(1), at = base::quote(1:32), labels = base::quote(c("1985", :
     no font could be found for family "Arial"
    Warning in axis(side = base::quote(1), at = base::quote(1:32), labels = base::quote(c("1985", :
     no font could be found for family "Arial"
    Warning in axis(side = base::quote(1), at = base::quote(1:32), labels = base::quote(c("1985", :
     no font could be found for family "Arial"
    Warning in axis(side = base::quote(1), at = base::quote(1:32), labels = base::quote(c("1985", :
     no font could be found for family "Arial"
    Warning in axis(side = base::quote(1), at = base::quote(1:32), labels = base::quote(c("1985", :
     no font could be found for family "Arial"
    Warning in axis(side = base::quote(1), at = base::quote(1:32), labels = base::quote(c("1985", :
     no font could be found for family "Arial"
    Warning in axis(side = base::quote(1), at = base::quote(1:32), labels = base::quote(c("1985", :
     no font could be found for family "Arial"
    Warning in axis(side = base::quote(1), at = base::quote(1:32), labels = base::quote(c("1985", :
     no font could be found for family "Arial"
    Warning in axis(side = base::quote(1), at = base::quote(1:32), labels = base::quote(c("1985", :
     no font could be found for family "Arial"
    Warning in axis(side = base::quote(1), at = base::quote(1:32), labels = base::quote(c("1985", :
     no font could be found for family "Arial"
    Warning in axis(side = base::quote(1), at = base::quote(1:32), labels = base::quote(c("1985", :
     no font could be found for family "Arial"
    Warning in axis(side = base::quote(1), at = base::quote(1:32), labels = base::quote(c("1985", :
     no font could be found for family "Arial"
    Warning in axis(side = base::quote(1), at = base::quote(1:32), labels = base::quote(c("1985", :
     no font could be found for family "Arial"
    Warning in axis(side = base::quote(1), at = base::quote(1:32), labels = base::quote(c("1985", :
     no font could be found for family "Arial"
    Warning in axis(side = base::quote(1), at = base::quote(1:32), labels = base::quote(c("1985", :
     no font could be found for family "Arial"
    Warning in axis(side = base::quote(1), at = base::quote(1:32), labels = base::quote(c("1985", :
     no font could be found for family "Arial"
    Warning in axis(side = base::quote(1), at = base::quote(1:32), labels = base::quote(c("1985", :
     no font could be found for family "Arial"
    Warning in axis(side = base::quote(1), at = base::quote(1:32), labels = base::quote(c("1985", :
     no font could be found for family "Arial"
    Warning in axis(side = base::quote(1), at = base::quote(1:32), labels = base::quote(c("1985", :
     no font could be found for family "Arial"
    Warning in axis(side = base::quote(1), at = base::quote(1:32), labels = base::quote(c("1985", :
     no font could be found for family "Arial"
    Warning in axis(side = base::quote(1), at = base::quote(1:32), labels = base::quote(c("1985", :
     no font could be found for family "Arial"
    Warning in axis(side = base::quote(1), at = base::quote(1:32), labels = base::quote(c("1985", :
     no font could be found for family "Arial"
    Warning in axis(side = base::quote(1), at = base::quote(1:32), labels = base::quote(c("1985", :
     no font could be found for family "Arial"
    Warning in axis(side = base::quote(1), at = base::quote(1:32), labels = base::quote(c("1985", :
     no font could be found for family "Arial"
    Warning in axis(side = base::quote(1), at = base::quote(1:32), labels = base::quote(c("1985", :
     no font could be found for family "Arial"
    Warning in axis(side = base::quote(1), at = base::quote(1:32), labels = base::quote(c("1985", :
     no font could be found for family "Arial"
    Warning in axis(side = base::quote(1), at = base::quote(1:32), labels = base::quote(c("1985", :
     no font could be found for family "Arial"
    Warning in axis(side = base::quote(1), at = base::quote(1:32), labels = base::quote(c("1985", :
     no font could be found for family "Arial"
    Warning in axis(side = base::quote(1), at = base::quote(1:32), labels = base::quote(c("1985", :
     no font could be found for family "Arial"
    Warning in axis(side = base::quote(1), at = base::quote(1:32), labels = base::quote(c("1985", :
     no font could be found for family "Arial"
    Warning in axis(side = base::quote(1), at = base::quote(1:32), labels = base::quote(c("1985", :
     no font could be found for family "Arial"
    Warning in axis(side = base::quote(1), at = base::quote(1:32), labels = base::quote(c("1985", :
     no font could be found for family "Arial"
    Warning in axis(side = base::quote(1), at = base::quote(1:32), labels = base::quote(c("1985", :
     no font could be found for family "Arial"
    Warning in axis(side = base::quote(1), at = base::quote(1:32), labels = base::quote(c("1985", :
     no font could be found for family "Arial"
    Warning in axis(side = base::quote(1), at = base::quote(1:32), labels = base::quote(c("1985", :
     no font could be found for family "Arial"
    Warning in axis(side = base::quote(1), at = base::quote(1:32), labels = base::quote(c("1985", :
     no font could be found for family "Arial"
    Warning in axis(side = base::quote(1), at = base::quote(1:32), labels = base::quote(c("1985", :
     no font could be found for family "Arial"
    Warning in axis(side = base::quote(1), at = base::quote(1:32), labels = base::quote(c("1985", :
     no font could be found for family "Arial"
    Warning in axis(side = base::quote(1), at = base::quote(1:32), labels = base::quote(c("1985", :
     no font could be found for family "Arial"
    Warning in axis(side = base::quote(1), at = base::quote(1:32), labels = base::quote(c("1985", :
     no font could be found for family "Arial"
    Warning in axis(side = base::quote(1), at = base::quote(1:32), labels = base::quote(c("1985", :
     no font could be found for family "Arial"
    Warning in axis(side = base::quote(1), at = base::quote(1:32), labels = base::quote(c("1985", :
     no font could be found for family "Arial"
    Warning in axis(side = base::quote(1), at = base::quote(1:32), labels = base::quote(c("1985", :
     no font could be found for family "Arial"
    Warning in axis(side = base::quote(1), at = base::quote(1:32), labels = base::quote(c("1985", :
     no font could be found for family "Arial"
    Warning in axis(side = base::quote(1), at = base::quote(1:32), labels = base::quote(c("1985", :
     no font could be found for family "Arial"
    Warning in axis(side = base::quote(1), at = base::quote(1:32), labels = base::quote(c("1985", :
     no font could be found for family "Arial"
    Warning in axis(side = base::quote(1), at = base::quote(1:32), labels = base::quote(c("1985", :
     no font could be found for family "Arial"
    Warning in axis(side = base::quote(1), at = base::quote(1:32), labels = base::quote(c("1985", :
     no font could be found for family "Arial"
    Warning in axis(side = base::quote(1), at = base::quote(1:32), labels = base::quote(c("1985", :
     no font could be found for family "Arial"
    Warning in axis(side = base::quote(1), at = base::quote(1:32), labels = base::quote(c("1985", :
     no font could be found for family "Arial"
    Warning in axis(side = base::quote(1), at = base::quote(1:32), labels = base::quote(c("1985", :
     no font could be found for family "Arial"
    Warning in axis(side = base::quote(1), at = base::quote(1:32), labels = base::quote(c("1985", :
     no font could be found for family "Arial"
    Warning in axis(side = base::quote(1), at = base::quote(1:32), labels = base::quote(c("1985", :
     no font could be found for family "Arial"
    Warning in axis(side = base::quote(1), at = base::quote(1:32), labels = base::quote(c("1985", :
     no font could be found for family "Arial"
    Warning in axis(side = base::quote(1), at = base::quote(1:32), labels = base::quote(c("1985", :
     no font could be found for family "Arial"
    Warning in axis(side = base::quote(1), at = base::quote(1:32), labels = base::quote(c("1985", :
     no font could be found for family "Arial"
    Warning in axis(side = base::quote(1), at = base::quote(1:32), labels = base::quote(c("1985", :
     no font could be found for family "Arial"
    Warning in axis(side = base::quote(1), at = base::quote(1:32), labels = base::quote(c("1985", :
     no font could be found for family "Arial"
    Warning in axis(side = base::quote(1), at = base::quote(1:32), labels = base::quote(c("1985", :
     no font could be found for family "Arial"
    Warning in axis(side = base::quote(1), at = base::quote(1:32), labels = base::quote(c("1985", :
     no font could be found for family "Arial"
    Warning in axis(side = base::quote(1), at = base::quote(1:32), labels = base::quote(c("1985", :
     no font could be found for family "Arial"
    Warning in axis(side = base::quote(1), at = base::quote(1:32), labels = base::quote(c("1985", :
     no font could be found for family "Arial"
    Warning in axis(side = base::quote(1), at = base::quote(1:32), labels = base::quote(c("1985", :
     no font could be found for family "Arial"
    Warning in axis(side = base::quote(1), at = base::quote(1:32), labels = base::quote(c("1985", :
     no font could be found for family "Arial"
    Warning in axis(side = base::quote(1), at = base::quote(1:32), labels = base::quote(c("1985", :
     no font could be found for family "Arial"
    Warning in axis(side = base::quote(1), at = base::quote(1:32), labels = base::quote(c("1985", :
     no font could be found for family "Arial"
    Warning in axis(side = base::quote(1), at = base::quote(1:32), labels = base::quote(c("1985", :
     no font could be found for family "Arial"
    Warning in axis(side = base::quote(1), at = base::quote(1:32), labels = base::quote(c("1985", :
     no font could be found for family "Arial"
    Warning in axis(side = base::quote(1), at = base::quote(1:32), labels = base::quote(c("1985", :
     no font could be found for family "Arial"
    Warning in axis(side = base::quote(1), at = base::quote(1:32), labels = base::quote(c("1985", :
     no font could be found for family "Arial"
    Warning in axis(side = side, at = at, labels = labels, ...) :
     no font could be found for family "Arial"
    Warning in axis(side = side, at = at, labels = labels, ...) :
     no font could be found for family "Arial"
    Warning in axis(side = side, at = at, labels = labels, ...) :
     no font could be found for family "Arial"
    Warning in axis(side = side, at = at, labels = labels, ...) :
     no font could be found for family "Arial"
    Warning in axis(side = side, at = at, labels = labels, ...) :
     no font could be found for family "Arial"
    Warning in axis(side = side, at = at, labels = labels, ...) :
     no font could be found for family "Arial"
    Warning in axis(side = side, at = at, labels = labels, ...) :
     no font could be found for family "Arial"
    Warning in axis(side = side, at = at, labels = labels, ...) :
     no font could be found for family "Arial"
    Warning in axis(side = side, at = at, labels = labels, ...) :
     no font could be found for family "Arial"
    Warning in axis(side = side, at = at, labels = labels, ...) :
     no font could be found for family "Arial"
    Warning in axis(side = side, at = at, labels = labels, ...) :
     no font could be found for family "Arial"
    Warning in axis(side = side, at = at, labels = labels, ...) :
     no font could be found for family "Arial"
    Warning in axis(side = side, at = at, labels = labels, ...) :
     no font could be found for family "Arial"
    Warning in axis(side = side, at = at, labels = labels, ...) :
     no font could be found for family "Arial"
    Warning in axis(side = side, at = at, labels = labels, ...) :
     no font could be found for family "Arial"
    Warning in axis(side = side, at = at, labels = labels, ...) :
     no font could be found for family "Arial"
    Warning in (function (main = NULL, sub = NULL, xlab = NULL, ylab = NULL, :
     no font could be found for family "Arial"
    Warning in (function (main = NULL, sub = NULL, xlab = NULL, ylab = NULL, :
     no font could be found for family "Arial"
    Warning in (function (main = NULL, sub = NULL, xlab = NULL, ylab = NULL, :
     no font could be found for family "Arial"
    Warning in (function (main = NULL, sub = NULL, xlab = NULL, ylab = NULL, :
     no font could be found for family "Arial"
    Warning in doTryCatch(return(expr), name, parentenv, handler) :
     no font could be found for family "Arial"
    Warning in doTryCatch(return(expr), name, parentenv, handler) :
     no font could be found for family "Arial"
    Warning in doTryCatch(return(expr), name, parentenv, handler) :
     no font could be found for family "Arial"
    Warning in doTryCatch(return(expr), name, parentenv, handler) :
     no font could be found for family "Arial"
    Warning in doTryCatch(return(expr), name, parentenv, handler) :
     no font could be found for family "Arial"
    Warning in doTryCatch(return(expr), name, parentenv, handler) :
     no font could be found for family "Arial"
    Warning in doTryCatch(return(expr), name, parentenv, handler) :
     no font could be found for family "Arial"
    Warning in doTryCatch(return(expr), name, parentenv, handler) :
     no font could be found for family "Arial"
    Warning in doTryCatch(return(expr), name, parentenv, handler) :
     no font could be found for family "Arial"
    Warning in doTryCatch(return(expr), name, parentenv, handler) :
     no font could be found for family "Arial"
    Warning in doTryCatch(return(expr), name, parentenv, handler) :
     no font could be found for family "Arial"
    Warning in doTryCatch(return(expr), name, parentenv, handler) :
     no font could be found for family "Arial"
    Warning in doTryCatch(return(expr), name, parentenv, handler) :
     no font could be found for family "Arial"
    Warning in doTryCatch(return(expr), name, parentenv, handler) :
     no font could be found for family "Arial"
    Warning in doTryCatch(return(expr), name, parentenv, handler) :
     no font could be found for family "Arial"
    Warning in doTryCatch(return(expr), name, parentenv, handler) :
     no font could be found for family "Arial"
    Warning in doTryCatch(return(expr), name, parentenv, handler) :
     no font could be found for family "Arial"
    Warning in doTryCatch(return(expr), name, parentenv, handler) :
     no font could be found for family "Arial"
    Warning in doTryCatch(return(expr), name, parentenv, handler) :
     no font could be found for family "Arial"
    Warning in doTryCatch(return(expr), name, parentenv, handler) :
     no font could be found for family "Arial"
    Warning in doTryCatch(return(expr), name, parentenv, handler) :
     no font could be found for family "Arial"
    Warning in doTryCatch(return(expr), name, parentenv, handler) :
     no font could be found for family "Arial"
    Warning in doTryCatch(return(expr), name, parentenv, handler) :
     no font could be found for family "Arial"
    Warning in doTryCatch(return(expr), name, parentenv, handler) :
     no font could be found for family "Arial"
    Warning in doTryCatch(return(expr), name, parentenv, handler) :
     no font could be found for family "Arial"
    Warning in doTryCatch(return(expr), name, parentenv, handler) :
     no font could be found for family "Arial"
    Warning in doTryCatch(return(expr), name, parentenv, handler) :
     no font could be found for family "Arial"
    Warning in doTryCatch(return(expr), name, parentenv, handler) :
     no font could be found for family "Arial"
    Warning in doTryCatch(return(expr), name, parentenv, handler) :
     no font could be found for family "Arial"
    Warning in doTryCatch(return(expr), name, parentenv, handler) :
     no font could be found for family "Arial"
    Warning in doTryCatch(return(expr), name, parentenv, handler) :
     no font could be found for family "Arial"
    Warning in doTryCatch(return(expr), name, parentenv, handler) :
     no font could be found for family "Arial"
    Warning in doTryCatch(return(expr), name, parentenv, handler) :
     no font could be found for family "Arial"
    Warning in doTryCatch(return(expr), name, parentenv, handler) :
     no font could be found for family "Arial"
    Warning in doTryCatch(return(expr), name, parentenv, handler) :
     no font could be found for family "Arial"
    Warning in doTryCatch(return(expr), name, parentenv, handler) :
     no font could be found for family "Arial"
    Warning in doTryCatch(return(expr), name, parentenv, handler) :
     no font could be found for family "Arial"
    Warning in doTryCatch(return(expr), name, parentenv, handler) :
     no font could be found for family "Arial"
    Warning in doTryCatch(return(expr), name, parentenv, handler) :
     no font could be found for family "Arial"
    Warning in doTryCatch(return(expr), name, parentenv, handler) :
     no font could be found for family "Arial"
    Warning in doTryCatch(return(expr), name, parentenv, handler) :
     no font could be found for family "Arial"
    Warning in doTryCatch(return(expr), name, parentenv, handler) :
     no font could be found for family "Arial"
    Warning in doTryCatch(return(expr), name, parentenv, handler) :
     no font could be found for family "Arial"
    Warning in doTryCatch(return(expr), name, parentenv, handler) :
     no font could be found for family "Arial"
    Warning in doTryCatch(return(expr), name, parentenv, handler) :
     no font could be found for family "Arial"
    Warning in doTryCatch(return(expr), name, parentenv, handler) :
     no font could be found for family "Arial"
    Warning in doTryCatch(return(expr), name, parentenv, handler) :
     no font could be found for family "Arial"
    Warning in doTryCatch(return(expr), name, parentenv, handler) :
     no font could be found for family "Arial"
    Warning in doTryCatch(return(expr), name, parentenv, handler) :
     no font could be found for family "Arial"
    Warning in doTryCatch(return(expr), name, parentenv, handler) :
     no font could be found for family "Arial"
    Warning in doTryCatch(return(expr), name, parentenv, handler) :
     no font could be found for family "Arial"
    Warning in doTryCatch(return(expr), name, parentenv, handler) :
     no font could be found for family "Arial"
    Warning in doTryCatch(return(expr), name, parentenv, handler) :
     no font could be found for family "Arial"
    Warning in doTryCatch(return(expr), name, parentenv, handler) :
     no font could be found for family "Arial"
    Warning in doTryCatch(return(expr), name, parentenv, handler) :
     no font could be found for family "Arial"
    Warning in doTryCatch(return(expr), name, parentenv, handler) :
     no font could be found for family "Arial"
    Warning in doTryCatch(return(expr), name, parentenv, handler) :
     no font could be found for family "Arial"
    Warning in doTryCatch(return(expr), name, parentenv, handler) :
     no font could be found for family "Arial"
    Warning in doTryCatch(return(expr), name, parentenv, handler) :
     no font could be found for family "Arial"
    Warning in doTryCatch(return(expr), name, parentenv, handler) :
     no font could be found for family "Arial"
    Warning in doTryCatch(return(expr), name, parentenv, handler) :
     no font could be found for family "Arial"
    Warning in doTryCatch(return(expr), name, parentenv, handler) :
     no font could be found for family "Arial"
    Warning in doTryCatch(return(expr), name, parentenv, handler) :
     no font could be found for family "Arial"
    Warning in doTryCatch(return(expr), name, parentenv, handler) :
     no font could be found for family "Arial"
    Warning in doTryCatch(return(expr), name, parentenv, handler) :
     no font could be found for family "Arial"
    Warning in doTryCatch(return(expr), name, parentenv, handler) :
     no font could be found for family "Arial"
    Warning in doTryCatch(return(expr), name, parentenv, handler) :
     no font could be found for family "Arial"
    Warning in doTryCatch(return(expr), name, parentenv, handler) :
     no font could be found for family "Arial"
    Warning in doTryCatch(return(expr), name, parentenv, handler) :
     no font could be found for family "Arial"
    Warning in doTryCatch(return(expr), name, parentenv, handler) :
     no font could be found for family "Arial"
    Warning in doTryCatch(return(expr), name, parentenv, handler) :
     no font could be found for family "Arial"
    Warning in doTryCatch(return(expr), name, parentenv, handler) :
     no font could be found for family "Arial"
    Warning in doTryCatch(return(expr), name, parentenv, handler) :
     no font could be found for family "Arial"
    Warning in doTryCatch(return(expr), name, parentenv, handler) :
     no font could be found for family "Arial"
    Warning in doTryCatch(return(expr), name, parentenv, handler) :
     no font could be found for family "Arial"
    Warning in doTryCatch(return(expr), name, parentenv, handler) :
     no font could be found for family "Arial"
    Warning in doTryCatch(return(expr), name, parentenv, handler) :
     no font could be found for family "Arial"
    Warning in doTryCatch(return(expr), name, parentenv, handler) :
     no font could be found for family "Arial"
    Warning in doTryCatch(return(expr), name, parentenv, handler) :
     no font could be found for family "Arial"
    Warning in doTryCatch(return(expr), name, parentenv, handler) :
     no font could be found for family "Arial"
    Warning in doTryCatch(return(expr), name, parentenv, handler) :
     no font could be found for family "Arial"
    Warning in doTryCatch(return(expr), name, parentenv, handler) :
     no font could be found for family "Arial"
    Warning in doTryCatch(return(expr), name, parentenv, handler) :
     no font could be found for family "Arial"
    Warning in doTryCatch(return(expr), name, parentenv, handler) :
     no font could be found for family "Arial"
    Warning in doTryCatch(return(expr), name, parentenv, handler) :
     no font could be found for family "Arial"
    Warning in doTryCatch(return(expr), name, parentenv, handler) :
     no font could be found for family "Arial"
    Warning in doTryCatch(return(expr), name, parentenv, handler) :
     no font could be found for family "Arial"
    Warning in doTryCatch(return(expr), name, parentenv, handler) :
     no font could be found for family "Arial"
    Warning in doTryCatch(return(expr), name, parentenv, handler) :
     no font could be found for family "Arial"
    Warning in doTryCatch(return(expr), name, parentenv, handler) :
     no font could be found for family "Arial"
    Warning in doTryCatch(return(expr), name, parentenv, handler) :
     no font could be found for family "Arial"
    Warning in doTryCatch(return(expr), name, parentenv, handler) :
     no font could be found for family "Arial"
    Warning in doTryCatch(return(expr), name, parentenv, handler) :
     no font could be found for family "Arial"
    Warning in doTryCatch(return(expr), name, parentenv, handler) :
     no font could be found for family "Arial"
    Warning in doTryCatch(return(expr), name, parentenv, handler) :
     no font could be found for family "Arial"
    Warning in doTryCatch(return(expr), name, parentenv, handler) :
     no font could be found for family "Arial"
    Warning in doTryCatch(return(expr), name, parentenv, handler) :
     no font could be found for family "Arial"
    Warning in doTryCatch(return(expr), name, parentenv, handler) :
     no font could be found for family "Arial"
    Warning in doTryCatch(return(expr), name, parentenv, handler) :
     no font could be found for family "Arial"
    Warning in doTryCatch(return(expr), name, parentenv, handler) :
     no font could be found for family "Arial"
    Warning in doTryCatch(return(expr), name, parentenv, handler) :
     no font could be found for family "Arial"
    Warning in doTryCatch(return(expr), name, parentenv, handler) :
     no font could be found for family "Arial"
    Warning in doTryCatch(return(expr), name, parentenv, handler) :
     no font could be found for family "Arial"
    Warning in doTryCatch(return(expr), name, parentenv, handler) :
     no font could be found for family "Arial"
    Warning in doTryCatch(return(expr), name, parentenv, handler) :
     no font could be found for family "Arial"
    Warning in doTryCatch(return(expr), name, parentenv, handler) :
     no font could be found for family "Arial"
    Warning in doTryCatch(return(expr), name, parentenv, handler) :
     no font could be found for family "Arial"
    Warning in doTryCatch(return(expr), name, parentenv, handler) :
     no font could be found for family "Arial"
    Warning in doTryCatch(return(expr), name, parentenv, handler) :
     no font could be found for family "Arial"
    Warning in doTryCatch(return(expr), name, parentenv, handler) :
     no font could be found for family "Arial"
    Warning in doTryCatch(return(expr), name, parentenv, handler) :
     no font could be found for family "Arial"
    Warning in doTryCatch(return(expr), name, parentenv, handler) :
     no font could be found for family "Arial"
    Warning in doTryCatch(return(expr), name, parentenv, handler) :
     no font could be found for family "Arial"
    Warning in doTryCatch(return(expr), name, parentenv, handler) :
     no font could be found for family "Arial"
    Warning in doTryCatch(return(expr), name, parentenv, handler) :
     no font could be found for family "Arial"
    Warning in doTryCatch(return(expr), name, parentenv, handler) :
     no font could be found for family "Arial"
    Warning in doTryCatch(return(expr), name, parentenv, handler) :
     no font could be found for family "Arial"
    Warning in doTryCatch(return(expr), name, parentenv, handler) :
     no font could be found for family "Arial"
    Warning in axis(side = base::quote(1), at = base::quote(1:32), labels = base::quote(c("1985", :
     no font could be found for family "Arial"
    Warning in axis(side = base::quote(1), at = base::quote(1:32), labels = base::quote(c("1985", :
     no font could be found for family "Arial"
    Warning in axis(side = base::quote(1), at = base::quote(1:32), labels = base::quote(c("1985", :
     no font could be found for family "Arial"
    Warning in axis(side = base::quote(1), at = base::quote(1:32), labels = base::quote(c("1985", :
     no font could be found for family "Arial"
    Warning in axis(side = base::quote(1), at = base::quote(1:32), labels = base::quote(c("1985", :
     no font could be found for family "Arial"
    Warning in axis(side = base::quote(1), at = base::quote(1:32), labels = base::quote(c("1985", :
     no font could be found for family "Arial"
    Warning in axis(side = base::quote(1), at = base::quote(1:32), labels = base::quote(c("1985", :
     no font could be found for family "Arial"
    Warning in axis(side = base::quote(1), at = base::quote(1:32), labels = base::quote(c("1985", :
     no font could be found for family "Arial"
    Warning in axis(side = base::quote(1), at = base::quote(1:32), labels = base::quote(c("1985", :
     no font could be found for family "Arial"
    Warning in axis(side = base::quote(1), at = base::quote(1:32), labels = base::quote(c("1985", :
     no font could be found for family "Arial"
    Warning in axis(side = base::quote(1), at = base::quote(1:32), labels = base::quote(c("1985", :
     no font could be found for family "Arial"
    Warning in axis(side = base::quote(1), at = base::quote(1:32), labels = base::quote(c("1985", :
     no font could be found for family "Arial"
    Warning in axis(side = base::quote(1), at = base::quote(1:32), labels = base::quote(c("1985", :
     no font could be found for family "Arial"
    Warning in axis(side = base::quote(1), at = base::quote(1:32), labels = base::quote(c("1985", :
     no font could be found for family "Arial"
    Warning in axis(side = base::quote(1), at = base::quote(1:32), labels = base::quote(c("1985", :
     no font could be found for family "Arial"
    Warning in axis(side = base::quote(1), at = base::quote(1:32), labels = base::quote(c("1985", :
     no font could be found for family "Arial"
    Warning in axis(side = base::quote(1), at = base::quote(1:32), labels = base::quote(c("1985", :
     no font could be found for family "Arial"
    Warning in axis(side = base::quote(1), at = base::quote(1:32), labels = base::quote(c("1985", :
     no font could be found for family "Arial"
    Warning in axis(side = base::quote(1), at = base::quote(1:32), labels = base::quote(c("1985", :
     no font could be found for family "Arial"
    Warning in axis(side = base::quote(1), at = base::quote(1:32), labels = base::quote(c("1985", :
     no font could be found for family "Arial"
    Warning in axis(side = base::quote(1), at = base::quote(1:32), labels = base::quote(c("1985", :
     no font could be found for family "Arial"
    Warning in axis(side = base::quote(1), at = base::quote(1:32), labels = base::quote(c("1985", :
     no font could be found for family "Arial"
    Warning in axis(side = base::quote(1), at = base::quote(1:32), labels = base::quote(c("1985", :
     no font could be found for family "Arial"
    Warning in axis(side = base::quote(1), at = base::quote(1:32), labels = base::quote(c("1985", :
     no font could be found for family "Arial"
    Warning in axis(side = base::quote(1), at = base::quote(1:32), labels = base::quote(c("1985", :
     no font could be found for family "Arial"
    Warning in axis(side = base::quote(1), at = base::quote(1:32), labels = base::quote(c("1985", :
     no font could be found for family "Arial"
    Warning in axis(side = base::quote(1), at = base::quote(1:32), labels = base::quote(c("1985", :
     no font could be found for family "Arial"
    Warning in axis(side = base::quote(1), at = base::quote(1:32), labels = base::quote(c("1985", :
     no font could be found for family "Arial"
    Warning in axis(side = base::quote(1), at = base::quote(1:32), labels = base::quote(c("1985", :
     no font could be found for family "Arial"
    Warning in axis(side = base::quote(1), at = base::quote(1:32), labels = base::quote(c("1985", :
     no font could be found for family "Arial"
    Warning in axis(side = base::quote(1), at = base::quote(1:32), labels = base::quote(c("1985", :
     no font could be found for family "Arial"
    Warning in axis(side = base::quote(1), at = base::quote(1:32), labels = base::quote(c("1985", :
     no font could be found for family "Arial"
    Warning in axis(side = base::quote(1), at = base::quote(1:32), labels = base::quote(c("1985", :
     no font could be found for family "Arial"
    Warning in axis(side = base::quote(1), at = base::quote(1:32), labels = base::quote(c("1985", :
     no font could be found for family "Arial"
    Warning in axis(side = base::quote(1), at = base::quote(1:32), labels = base::quote(c("1985", :
     no font could be found for family "Arial"
    Warning in axis(side = base::quote(1), at = base::quote(1:32), labels = base::quote(c("1985", :
     no font could be found for family "Arial"
    Warning in axis(side = base::quote(1), at = base::quote(1:32), labels = base::quote(c("1985", :
     no font could be found for family "Arial"
    Warning in axis(side = base::quote(1), at = base::quote(1:32), labels = base::quote(c("1985", :
     no font could be found for family "Arial"
    Warning in axis(side = base::quote(1), at = base::quote(1:32), labels = base::quote(c("1985", :
     no font could be found for family "Arial"
    Warning in axis(side = base::quote(1), at = base::quote(1:32), labels = base::quote(c("1985", :
     no font could be found for family "Arial"
    Warning in axis(side = base::quote(1), at = base::quote(1:32), labels = base::quote(c("1985", :
     no font could be found for family "Arial"
    Warning in axis(side = base::quote(1), at = base::quote(1:32), labels = base::quote(c("1985", :
     no font could be found for family "Arial"
    Warning in axis(side = base::quote(1), at = base::quote(1:32), labels = base::quote(c("1985", :
     no font could be found for family "Arial"
    Warning in axis(side = base::quote(1), at = base::quote(1:32), labels = base::quote(c("1985", :
     no font could be found for family "Arial"
    Warning in axis(side = base::quote(1), at = base::quote(1:32), labels = base::quote(c("1985", :
     no font could be found for family "Arial"
    Warning in axis(side = base::quote(1), at = base::quote(1:32), labels = base::quote(c("1985", :
     no font could be found for family "Arial"
    Warning in axis(side = base::quote(1), at = base::quote(1:32), labels = base::quote(c("1985", :
     no font could be found for family "Arial"
    Warning in axis(side = base::quote(1), at = base::quote(1:32), labels = base::quote(c("1985", :
     no font could be found for family "Arial"
    Warning in axis(side = base::quote(1), at = base::quote(1:32), labels = base::quote(c("1985", :
     no font could be found for family "Arial"
    Warning in axis(side = base::quote(1), at = base::quote(1:32), labels = base::quote(c("1985", :
     no font could be found for family "Arial"
    Warning in axis(side = base::quote(1), at = base::quote(1:32), labels = base::quote(c("1985", :
     no font could be found for family "Arial"
    Warning in axis(side = base::quote(1), at = base::quote(1:32), labels = base::quote(c("1985", :
     no font could be found for family "Arial"
    Warning in axis(side = base::quote(1), at = base::quote(1:32), labels = base::quote(c("1985", :
     no font could be found for family "Arial"
    Warning in axis(side = base::quote(1), at = base::quote(1:32), labels = base::quote(c("1985", :
     no font could be found for family "Arial"
    Warning in axis(side = base::quote(1), at = base::quote(1:32), labels = base::quote(c("1985", :
     no font could be found for family "Arial"
    Warning in axis(side = base::quote(1), at = base::quote(1:32), labels = base::quote(c("1985", :
     no font could be found for family "Arial"
    Warning in axis(side = base::quote(1), at = base::quote(1:32), labels = base::quote(c("1985", :
     no font could be found for family "Arial"
    Warning in axis(side = base::quote(1), at = base::quote(1:32), labels = base::quote(c("1985", :
     no font could be found for family "Arial"
    Warning in axis(side = base::quote(1), at = base::quote(1:32), labels = base::quote(c("1985", :
     no font could be found for family "Arial"
    Warning in axis(side = base::quote(1), at = base::quote(1:32), labels = base::quote(c("1985", :
     no font could be found for family "Arial"
    Warning in axis(side = base::quote(1), at = base::quote(1:32), labels = base::quote(c("1985", :
     no font could be found for family "Arial"
    Warning in axis(side = base::quote(1), at = base::quote(1:32), labels = base::quote(c("1985", :
     no font could be found for family "Arial"
    Warning in axis(side = base::quote(1), at = base::quote(1:32), labels = base::quote(c("1985", :
     no font could be found for family "Arial"
    Warning in axis(side = base::quote(1), at = base::quote(1:32), labels = base::quote(c("1985", :
     no font could be found for family "Arial"
    Warning in axis(side = base::quote(1), at = base::quote(1:32), labels = base::quote(c("1985", :
     no font could be found for family "Arial"
    Warning in axis(side = base::quote(1), at = base::quote(1:32), labels = base::quote(c("1985", :
     no font could be found for family "Arial"
    Warning in axis(side = base::quote(1), at = base::quote(1:32), labels = base::quote(c("1985", :
     no font could be found for family "Arial"
    Warning in axis(side = base::quote(1), at = base::quote(1:32), labels = base::quote(c("1985", :
     no font could be found for family "Arial"
    Warning in axis(side = base::quote(1), at = base::quote(1:32), labels = base::quote(c("1985", :
     no font could be found for family "Arial"
    Warning in axis(side = base::quote(1), at = base::quote(1:32), labels = base::quote(c("1985", :
     no font could be found for family "Arial"
    Warning in axis(side = base::quote(1), at = base::quote(1:32), labels = base::quote(c("1985", :
     no font could be found for family "Arial"
    Warning in axis(side = base::quote(1), at = base::quote(1:32), labels = base::quote(c("1985", :
     no font could be found for family "Arial"
    Warning in axis(side = base::quote(1), at = base::quote(1:32), labels = base::quote(c("1985", :
     no font could be found for family "Arial"
    Warning in axis(side = base::quote(1), at = base::quote(1:32), labels = base::quote(c("1985", :
     no font could be found for family "Arial"
    Warning in axis(side = base::quote(1), at = base::quote(1:32), labels = base::quote(c("1985", :
     no font could be found for family "Arial"
    Warning in axis(side = base::quote(1), at = base::quote(1:32), labels = base::quote(c("1985", :
     no font could be found for family "Arial"
    Warning in axis(side = base::quote(1), at = base::quote(1:32), labels = base::quote(c("1985", :
     no font could be found for family "Arial"
    Warning in axis(side = base::quote(1), at = base::quote(1:32), labels = base::quote(c("1985", :
     no font could be found for family "Arial"
    Warning in axis(side = base::quote(1), at = base::quote(1:32), labels = base::quote(c("1985", :
     no font could be found for family "Arial"
    Warning in axis(side = base::quote(1), at = base::quote(1:32), labels = base::quote(c("1985", :
     no font could be found for family "Arial"
    Warning in axis(side = base::quote(1), at = base::quote(1:32), labels = base::quote(c("1985", :
     no font could be found for family "Arial"
    Warning in axis(side = base::quote(1), at = base::quote(1:32), labels = base::quote(c("1985", :
     no font could be found for family "Arial"
    Warning in axis(side = base::quote(1), at = base::quote(1:32), labels = base::quote(c("1985", :
     no font could be found for family "Arial"
    Warning in axis(side = base::quote(1), at = base::quote(1:32), labels = base::quote(c("1985", :
     no font could be found for family "Arial"
    Warning in axis(side = base::quote(1), at = base::quote(1:32), labels = base::quote(c("1985", :
     no font could be found for family "Arial"
    Warning in axis(side = base::quote(1), at = base::quote(1:32), labels = base::quote(c("1985", :
     no font could be found for family "Arial"
    Warning in axis(side = base::quote(1), at = base::quote(1:32), labels = base::quote(c("1985", :
     no font could be found for family "Arial"
    Warning in axis(side = base::quote(1), at = base::quote(1:32), labels = base::quote(c("1985", :
     no font could be found for family "Arial"
    Warning in axis(side = base::quote(1), at = base::quote(1:32), labels = base::quote(c("1985", :
     no font could be found for family "Arial"
    Warning in axis(side = base::quote(1), at = base::quote(1:32), labels = base::quote(c("1985", :
     no font could be found for family "Arial"
    Warning in axis(side = base::quote(1), at = base::quote(1:32), labels = base::quote(c("1985", :
     no font could be found for family "Arial"
    Warning in axis(side = base::quote(1), at = base::quote(1:32), labels = base::quote(c("1985", :
     no font could be found for family "Arial"
    Warning in axis(side = base::quote(1), at = base::quote(1:32), labels = base::quote(c("1985", :
     no font could be found for family "Arial"
    Warning in axis(side = base::quote(1), at = base::quote(1:32), labels = base::quote(c("1985", :
     no font could be found for family "Arial"
    Warning in axis(side = base::quote(1), at = base::quote(1:32), labels = base::quote(c("1985", :
     no font could be found for family "Arial"
    Warning in axis(side = base::quote(1), at = base::quote(1:32), labels = base::quote(c("1985", :
     no font could be found for family "Arial"
    Warning in axis(side = base::quote(1), at = base::quote(1:32), labels = base::quote(c("1985", :
     no font could be found for family "Arial"
    Warning in axis(side = base::quote(1), at = base::quote(1:32), labels = base::quote(c("1985", :
     no font could be found for family "Arial"
    Warning in axis(side = side, at = at, labels = labels, ...) :
     no font could be found for family "Arial"
    Warning in axis(side = side, at = at, labels = labels, ...) :
     no font could be found for family "Arial"
    Warning in axis(side = side, at = at, labels = labels, ...) :
     no font could be found for family "Arial"
    Warning in axis(side = side, at = at, labels = labels, ...) :
     no font could be found for family "Arial"
    Warning in axis(side = side, at = at, labels = labels, ...) :
     no font could be found for family "Arial"
    Warning in axis(side = side, at = at, labels = labels, ...) :
     no font could be found for family "Arial"
    Warning in axis(side = side, at = at, labels = labels, ...) :
     no font could be found for family "Arial"
    Warning in axis(side = side, at = at, labels = labels, ...) :
     no font could be found for family "Arial"
    Warning in axis(side = side, at = at, labels = labels, ...) :
     no font could be found for family "Arial"
    Warning in axis(side = side, at = at, labels = labels, ...) :
     no font could be found for family "Arial"
    Warning in axis(side = side, at = at, labels = labels, ...) :
     no font could be found for family "Arial"
    Warning in axis(side = side, at = at, labels = labels, ...) :
     no font could be found for family "Arial"
    Warning in axis(side = side, at = at, labels = labels, ...) :
     no font could be found for family "Arial"
    Warning in axis(side = side, at = at, labels = labels, ...) :
     no font could be found for family "Arial"
    Warning in axis(side = side, at = at, labels = labels, ...) :
     no font could be found for family "Arial"
    Warning in axis(side = side, at = at, labels = labels, ...) :
     no font could be found for family "Arial"
    Warning in (function (main = NULL, sub = NULL, xlab = NULL, ylab = NULL, :
     no font could be found for family "Arial"
    Warning in (function (main = NULL, sub = NULL, xlab = NULL, ylab = NULL, :
     no font could be found for family "Arial"
    Warning in (function (main = NULL, sub = NULL, xlab = NULL, ylab = NULL, :
     no font could be found for family "Arial"
    Warning in (function (main = NULL, sub = NULL, xlab = NULL, ylab = NULL, :
     no font could be found for family "Arial"
    Warning in text.default(at, c(y.low, y.high), labs, pos = pos, xpd = TRUE, :
     no font could be found for family "Arial"
    Warning in text.default(at, c(y.low, y.high), labs, pos = pos, xpd = TRUE, :
     no font could be found for family "Arial"
    Warning in text.default(at, c(y.low, y.high), labs, pos = pos, xpd = TRUE, :
     no font could be found for family "Arial"
    Warning in text.default(at, c(y.low, y.high), labs, pos = pos, xpd = TRUE, :
     no font could be found for family "Arial"
    Warning in text.default(at, c(y.low, y.high), labs, pos = pos, xpd = TRUE, :
     no font could be found for family "Arial"
    Warning in text.default(at, c(y.low, y.high), labs, pos = pos, xpd = TRUE, :
     no font could be found for family "Arial"
    Warning in text.default(at, c(y.low, y.high), labs, pos = pos, xpd = TRUE, :
     no font could be found for family "Arial"
    Warning in text.default(at, c(y.low, y.high), labs, pos = pos, xpd = TRUE, :
     no font could be found for family "Arial"
    Warning in text.default(at, c(y.low, y.high), labs, pos = pos, xpd = TRUE, :
     no font could be found for family "Arial"
    Warning in text.default(at, c(y.low, y.high), labs, pos = pos, xpd = TRUE, :
     no font could be found for family "Arial"
    Warning in text.default(at, c(y.low, y.high), labs, pos = pos, xpd = TRUE, :
     no font could be found for family "Arial"
    Warning in text.default(at, c(y.low, y.high), labs, pos = pos, xpd = TRUE, :
     no font could be found for family "Arial"
    Warning in text.default(at, c(y.low, y.high), labs, pos = pos, xpd = TRUE, :
     no font could be found for family "Arial"
    Warning in text.default(at, c(y.low, y.high), labs, pos = pos, xpd = TRUE, :
     no font could be found for family "Arial"
    Warning in text.default(at, c(y.low, y.high), labs, pos = pos, xpd = TRUE, :
     no font could be found for family "Arial"
    Warning in text.default(at, c(y.low, y.high), labs, pos = pos, xpd = TRUE, :
     no font could be found for family "Arial"
    Warning in text.default(at, c(y.low, y.high), labs, pos = pos, xpd = TRUE, :
     no font could be found for family "Arial"
    Warning in text.default(at, c(y.low, y.high), labs, pos = pos, xpd = TRUE, :
     no font could be found for family "Arial"
    Warning in text.default(at, c(y.low, y.high), labs, pos = pos, xpd = TRUE, :
     no font could be found for family "Arial"
    Warning in text.default(at, c(y.low, y.high), labs, pos = pos, xpd = TRUE, :
     no font could be found for family "Arial"
    Warning in text.default(at, c(y.low, y.high), labs, pos = pos, xpd = TRUE, :
     no font could be found for family "Arial"
    Warning in text.default(at, c(y.low, y.high), labs, pos = pos, xpd = TRUE, :
     no font could be found for family "Arial"
    Warning in text.default(at, c(y.low, y.high), labs, pos = pos, xpd = TRUE, :
     no font could be found for family "Arial"
    Warning in text.default(at, c(y.low, y.high), labs, pos = pos, xpd = TRUE, :
     no font could be found for family "Arial"
    Warning in text.default(at, c(y.low, y.high), labs, pos = pos, xpd = TRUE, :
     no font could be found for family "Arial"
    Warning in text.default(at, c(y.low, y.high), labs, pos = pos, xpd = TRUE, :
     no font could be found for family "Arial"
    Warning in text.default(at, c(y.low, y.high), labs, pos = pos, xpd = TRUE, :
     no font could be found for family "Arial"
    Warning in text.default(at, c(y.low, y.high), labs, pos = pos, xpd = TRUE, :
     no font could be found for family "Arial"
    Warning in text.default(at, c(y.low, y.high), labs, pos = pos, xpd = TRUE, :
     no font could be found for family "Arial"
    Warning in text.default(at, c(y.low, y.high), labs, pos = pos, xpd = TRUE, :
     no font could be found for family "Arial"
    Warning in text.default(at, c(y.low, y.high), labs, pos = pos, xpd = TRUE, :
     no font could be found for family "Arial"
    Warning in text.default(at, c(y.low, y.high), labs, pos = pos, xpd = TRUE, :
     no font could be found for family "Arial"
    Warning in text.default(at, c(y.low, y.high), labs, pos = pos, xpd = TRUE, :
     no font could be found for family "Arial"
    Warning in text.default(at, c(y.low, y.high), labs, pos = pos, xpd = TRUE, :
     no font could be found for family "Arial"
    Warning in doTryCatch(return(expr), name, parentenv, handler) :
     no font could be found for family "Arial"
    Warning in doTryCatch(return(expr), name, parentenv, handler) :
     no font could be found for family "Arial"
    Warning in doTryCatch(return(expr), name, parentenv, handler) :
     no font could be found for family "Arial"
    Warning in doTryCatch(return(expr), name, parentenv, handler) :
     no font could be found for family "Arial"
    Warning in doTryCatch(return(expr), name, parentenv, handler) :
     no font could be found for family "Arial"
    Warning in doTryCatch(return(expr), name, parentenv, handler) :
     no font could be found for family "Arial"
    Warning in doTryCatch(return(expr), name, parentenv, handler) :
     no font could be found for family "Arial"
    Warning in doTryCatch(return(expr), name, parentenv, handler) :
     no font could be found for family "Arial"
    Warning in doTryCatch(return(expr), name, parentenv, handler) :
     no font could be found for family "Arial"
    Warning in doTryCatch(return(expr), name, parentenv, handler) :
     no font could be found for family "Arial"
    Warning in doTryCatch(return(expr), name, parentenv, handler) :
     no font could be found for family "Arial"
    Warning in doTryCatch(return(expr), name, parentenv, handler) :
     no font could be found for family "Arial"
    Warning in doTryCatch(return(expr), name, parentenv, handler) :
     no font could be found for family "Arial"
    Warning in doTryCatch(return(expr), name, parentenv, handler) :
     no font could be found for family "Arial"
    Warning in doTryCatch(return(expr), name, parentenv, handler) :
     no font could be found for family "Arial"
    Warning in doTryCatch(return(expr), name, parentenv, handler) :
     no font could be found for family "Arial"
    Warning in doTryCatch(return(expr), name, parentenv, handler) :
     no font could be found for family "Arial"
    Warning in doTryCatch(return(expr), name, parentenv, handler) :
     no font could be found for family "Arial"
    Warning in doTryCatch(return(expr), name, parentenv, handler) :
     no font could be found for family "Arial"
    Warning in doTryCatch(return(expr), name, parentenv, handler) :
     no font could be found for family "Arial"
    Warning in doTryCatch(return(expr), name, parentenv, handler) :
     no font could be found for family "Arial"
    Warning in doTryCatch(return(expr), name, parentenv, handler) :
     no font could be found for family "Arial"
    Warning in doTryCatch(return(expr), name, parentenv, handler) :
     no font could be found for family "Arial"
    Warning in doTryCatch(return(expr), name, parentenv, handler) :
     no font could be found for family "Arial"
    Warning in doTryCatch(return(expr), name, parentenv, handler) :
     no font could be found for family "Arial"
    Warning in doTryCatch(return(expr), name, parentenv, handler) :
     no font could be found for family "Arial"
    Warning in doTryCatch(return(expr), name, parentenv, handler) :
     no font could be found for family "Arial"
    Warning in doTryCatch(return(expr), name, parentenv, handler) :
     no font could be found for family "Arial"
    Warning in doTryCatch(return(expr), name, parentenv, handler) :
     no font could be found for family "Arial"
    Warning in doTryCatch(return(expr), name, parentenv, handler) :
     no font could be found for family "Arial"
    Warning in doTryCatch(return(expr), name, parentenv, handler) :
     no font could be found for family "Arial"
    Warning in doTryCatch(return(expr), name, parentenv, handler) :
     no font could be found for family "Arial"
    Warning in doTryCatch(return(expr), name, parentenv, handler) :
     no font could be found for family "Arial"
    Warning in doTryCatch(return(expr), name, parentenv, handler) :
     no font could be found for family "Arial"
    Warning in doTryCatch(return(expr), name, parentenv, handler) :
     no font could be found for family "Arial"
    Warning in doTryCatch(return(expr), name, parentenv, handler) :
     no font could be found for family "Arial"
    Warning in doTryCatch(return(expr), name, parentenv, handler) :
     no font could be found for family "Arial"
    Warning in doTryCatch(return(expr), name, parentenv, handler) :
     no font could be found for family "Arial"
    Warning in doTryCatch(return(expr), name, parentenv, handler) :
     no font could be found for family "Arial"
    Warning in doTryCatch(return(expr), name, parentenv, handler) :
     no font could be found for family "Arial"
    Warning in doTryCatch(return(expr), name, parentenv, handler) :
     no font could be found for family "Arial"
    Warning in doTryCatch(return(expr), name, parentenv, handler) :
     no font could be found for family "Arial"
    Warning in doTryCatch(return(expr), name, parentenv, handler) :
     no font could be found for family "Arial"
    Warning in doTryCatch(return(expr), name, parentenv, handler) :
     no font could be found for family "Arial"
    Warning in doTryCatch(return(expr), name, parentenv, handler) :
     no font could be found for family "Arial"
    Warning in doTryCatch(return(expr), name, parentenv, handler) :
     no font could be found for family "Arial"
    Warning in doTryCatch(return(expr), name, parentenv, handler) :
     no font could be found for family "Arial"
    Warning in doTryCatch(return(expr), name, parentenv, handler) :
     no font could be found for family "Arial"
    Warning in doTryCatch(return(expr), name, parentenv, handler) :
     no font could be found for family "Arial"
    Warning in doTryCatch(return(expr), name, parentenv, handler) :
     no font could be found for family "Arial"
    Warning in doTryCatch(return(expr), name, parentenv, handler) :
     no font could be found for family "Arial"
    Warning in doTryCatch(return(expr), name, parentenv, handler) :
     no font could be found for family "Arial"
    Warning in doTryCatch(return(expr), name, parentenv, handler) :
     no font could be found for family "Arial"
    Warning in doTryCatch(return(expr), name, parentenv, handler) :
     no font could be found for family "Arial"
    Warning in doTryCatch(return(expr), name, parentenv, handler) :
     no font could be found for family "Arial"
    Warning in doTryCatch(return(expr), name, parentenv, handler) :
     no font could be found for family "Arial"
    Warning in doTryCatch(return(expr), name, parentenv, handler) :
     no font could be found for family "Arial"
    Warning in doTryCatch(return(expr), name, parentenv, handler) :
     no font could be found for family "Arial"
    Warning in doTryCatch(return(expr), name, parentenv, handler) :
     no font could be found for family "Arial"
    Warning in doTryCatch(return(expr), name, parentenv, handler) :
     no font could be found for family "Arial"
    Warning in doTryCatch(return(expr), name, parentenv, handler) :
     no font could be found for family "Arial"
    Warning in doTryCatch(return(expr), name, parentenv, handler) :
     no font could be found for family "Arial"
    Warning in doTryCatch(return(expr), name, parentenv, handler) :
     no font could be found for family "Arial"
    Warning in doTryCatch(return(expr), name, parentenv, handler) :
     no font could be found for family "Arial"
    Warning in doTryCatch(return(expr), name, parentenv, handler) :
     no font could be found for family "Arial"
    Warning in doTryCatch(return(expr), name, parentenv, handler) :
     no font could be found for family "Arial"
    Warning in doTryCatch(return(expr), name, parentenv, handler) :
     no font could be found for family "Arial"
    Warning in doTryCatch(return(expr), name, parentenv, handler) :
     no font could be found for family "Arial"
    Warning in doTryCatch(return(expr), name, parentenv, handler) :
     no font could be found for family "Arial"
    Warning in doTryCatch(return(expr), name, parentenv, handler) :
     no font could be found for family "Arial"
    Warning in doTryCatch(return(expr), name, parentenv, handler) :
     no font could be found for family "Arial"
    Warning in doTryCatch(return(expr), name, parentenv, handler) :
     no font could be found for family "Arial"
    Warning in doTryCatch(return(expr), name, parentenv, handler) :
     no font could be found for family "Arial"
    Warning in doTryCatch(return(expr), name, parentenv, handler) :
     no font could be found for family "Arial"
    Warning in doTryCatch(return(expr), name, parentenv, handler) :
     no font could be found for family "Arial"
    Warning in doTryCatch(return(expr), name, parentenv, handler) :
     no font could be found for family "Arial"
    Warning in doTryCatch(return(expr), name, parentenv, handler) :
     no font could be found for family "Arial"
    Warning in doTryCatch(return(expr), name, parentenv, handler) :
     no font could be found for family "Arial"
    Warning in doTryCatch(return(expr), name, parentenv, handler) :
     no font could be found for family "Arial"
    Warning in doTryCatch(return(expr), name, parentenv, handler) :
     no font could be found for family "Arial"
    Warning in doTryCatch(return(expr), name, parentenv, handler) :
     no font could be found for family "Arial"
    Warning in doTryCatch(return(expr), name, parentenv, handler) :
     no font could be found for family "Arial"
    Warning in doTryCatch(return(expr), name, parentenv, handler) :
     no font could be found for family "Arial"
    Warning in doTryCatch(return(expr), name, parentenv, handler) :
     no font could be found for family "Arial"
    Warning in doTryCatch(return(expr), name, parentenv, handler) :
     no font could be found for family "Arial"
    Warning in doTryCatch(return(expr), name, parentenv, handler) :
     no font could be found for family "Arial"
    Warning in doTryCatch(return(expr), name, parentenv, handler) :
     no font could be found for family "Arial"
    Warning in doTryCatch(return(expr), name, parentenv, handler) :
     no font could be found for family "Arial"
    Warning in doTryCatch(return(expr), name, parentenv, handler) :
     no font could be found for family "Arial"
    Warning in doTryCatch(return(expr), name, parentenv, handler) :
     no font could be found for family "Arial"
    Warning in doTryCatch(return(expr), name, parentenv, handler) :
     no font could be found for family "Arial"
    Warning in doTryCatch(return(expr), name, parentenv, handler) :
     no font could be found for family "Arial"
    Warning in doTryCatch(return(expr), name, parentenv, handler) :
     no font could be found for family "Arial"
    Warning in doTryCatch(return(expr), name, parentenv, handler) :
     no font could be found for family "Arial"
    Warning in doTryCatch(return(expr), name, parentenv, handler) :
     no font could be found for family "Arial"
    Warning in doTryCatch(return(expr), name, parentenv, handler) :
     no font could be found for family "Arial"
    Warning in doTryCatch(return(expr), name, parentenv, handler) :
     no font could be found for family "Arial"
    Warning in doTryCatch(return(expr), name, parentenv, handler) :
     no font could be found for family "Arial"
    Warning in doTryCatch(return(expr), name, parentenv, handler) :
     no font could be found for family "Arial"
    Warning in doTryCatch(return(expr), name, parentenv, handler) :
     no font could be found for family "Arial"
    Warning in doTryCatch(return(expr), name, parentenv, handler) :
     no font could be found for family "Arial"
    Warning in doTryCatch(return(expr), name, parentenv, handler) :
     no font could be found for family "Arial"
    Warning in doTryCatch(return(expr), name, parentenv, handler) :
     no font could be found for family "Arial"
    Warning in doTryCatch(return(expr), name, parentenv, handler) :
     no font could be found for family "Arial"
    Warning in doTryCatch(return(expr), name, parentenv, handler) :
     no font could be found for family "Arial"
    Warning in doTryCatch(return(expr), name, parentenv, handler) :
     no font could be found for family "Arial"
    Warning in doTryCatch(return(expr), name, parentenv, handler) :
     no font could be found for family "Arial"
    Warning in doTryCatch(return(expr), name, parentenv, handler) :
     no font could be found for family "Arial"
    Warning in doTryCatch(return(expr), name, parentenv, handler) :
     no font could be found for family "Arial"
    Warning in doTryCatch(return(expr), name, parentenv, handler) :
     no font could be found for family "Arial"
    Warning in doTryCatch(return(expr), name, parentenv, handler) :
     no font could be found for family "Arial"
    Warning in doTryCatch(return(expr), name, parentenv, handler) :
     no font could be found for family "Arial"
    Warning in doTryCatch(return(expr), name, parentenv, handler) :
     no font could be found for family "Arial"
    Warning in doTryCatch(return(expr), name, parentenv, handler) :
     no font could be found for family "Arial"
    Warning in doTryCatch(return(expr), name, parentenv, handler) :
     no font could be found for family "Arial"
    Warning in doTryCatch(return(expr), name, parentenv, handler) :
     no font could be found for family "Arial"
    Warning in doTryCatch(return(expr), name, parentenv, handler) :
     no font could be found for family "Arial"
    Warning in doTryCatch(return(expr), name, parentenv, handler) :
     no font could be found for family "Arial"
    Warning in doTryCatch(return(expr), name, parentenv, handler) :
     no font could be found for family "Arial"
    Warning in doTryCatch(return(expr), name, parentenv, handler) :
     no font could be found for family "Arial"
    Warning in doTryCatch(return(expr), name, parentenv, handler) :
     no font could be found for family "Arial"
    Warning in doTryCatch(return(expr), name, parentenv, handler) :
     no font could be found for family "Arial"
    Warning in doTryCatch(return(expr), name, parentenv, handler) :
     no font could be found for family "Arial"
    Warning in doTryCatch(return(expr), name, parentenv, handler) :
     no font could be found for family "Arial"
    Warning in doTryCatch(return(expr), name, parentenv, handler) :
     no font could be found for family "Arial"
    Warning in doTryCatch(return(expr), name, parentenv, handler) :
     no font could be found for family "Arial"
    Warning in doTryCatch(return(expr), name, parentenv, handler) :
     no font could be found for family "Arial"
    Warning in doTryCatch(return(expr), name, parentenv, handler) :
     no font could be found for family "Arial"
    Warning in doTryCatch(return(expr), name, parentenv, handler) :
     no font could be found for family "Arial"
    Warning in doTryCatch(return(expr), name, parentenv, handler) :
     no font could be found for family "Arial"
    Warning in doTryCatch(return(expr), name, parentenv, handler) :
     no font could be found for family "Arial"
    Warning in doTryCatch(return(expr), name, parentenv, handler) :
     no font could be found for family "Arial"
    Warning in doTryCatch(return(expr), name, parentenv, handler) :
     no font could be found for family "Arial"
    Warning in doTryCatch(return(expr), name, parentenv, handler) :
     no font could be found for family "Arial"
    Warning in doTryCatch(return(expr), name, parentenv, handler) :
     no font could be found for family "Arial"
    Warning in doTryCatch(return(expr), name, parentenv, handler) :
     no font could be found for family "Arial"
    Warning in doTryCatch(return(expr), name, parentenv, handler) :
     no font could be found for family "Arial"
    Warning in doTryCatch(return(expr), name, parentenv, handler) :
     no font could be found for family "Arial"
    Warning in doTryCatch(return(expr), name, parentenv, handler) :
     no font could be found for family "Arial"
    Warning in doTryCatch(return(expr), name, parentenv, handler) :
     no font could be found for family "Arial"
    Warning in doTryCatch(return(expr), name, parentenv, handler) :
     no font could be found for family "Arial"
    Warning in doTryCatch(return(expr), name, parentenv, handler) :
     no font could be found for family "Arial"
    Warning in doTryCatch(return(expr), name, parentenv, handler) :
     no font could be found for family "Arial"
    Warning in doTryCatch(return(expr), name, parentenv, handler) :
     no font could be found for family "Arial"
    Warning in doTryCatch(return(expr), name, parentenv, handler) :
     no font could be found for family "Arial"
    Warning in doTryCatch(return(expr), name, parentenv, handler) :
     no font could be found for family "Arial"
    Warning in doTryCatch(return(expr), name, parentenv, handler) :
     no font could be found for family "Arial"
    Warning in doTryCatch(return(expr), name, parentenv, handler) :
     no font could be found for family "Arial"
    Warning in doTryCatch(return(expr), name, parentenv, handler) :
     no font could be found for family "Arial"
    Warning in doTryCatch(return(expr), name, parentenv, handler) :
     no font could be found for family "Arial"
    Warning in doTryCatch(return(expr), name, parentenv, handler) :
     no font could be found for family "Arial"
    Warning in doTryCatch(return(expr), name, parentenv, handler) :
     no font could be found for family "Arial"
    `geom_smooth()` using formula 'y ~ x'
    Warning in grid.Call(C_stringMetric, as.graphicsAnnot(x$label)) :
     no font could be found for family "Arial"
    Warning in grid.Call(C_stringMetric, as.graphicsAnnot(x$label)) :
     no font could be found for family "Arial"
    Warning in grid.Call(C_stringMetric, as.graphicsAnnot(x$label)) :
     no font could be found for family "Arial"
    Warning in grid.Call(C_stringMetric, as.graphicsAnnot(x$label)) :
     no font could be found for family "Arial"
    Warning in grid.Call(C_stringMetric, as.graphicsAnnot(x$label)) :
     no font could be found for family "Arial"
    Warning in grid.Call(C_stringMetric, as.graphicsAnnot(x$label)) :
     no font could be found for family "Arial"
    Warning in grid.Call(C_stringMetric, as.graphicsAnnot(x$label)) :
     no font could be found for family "Arial"
    Warning in grid.Call(C_stringMetric, as.graphicsAnnot(x$label)) :
     no font could be found for family "Arial"
    Warning in grid.Call(C_stringMetric, as.graphicsAnnot(x$label)) :
     no font could be found for family "Arial"
    Warning in grid.Call(C_stringMetric, as.graphicsAnnot(x$label)) :
     no font could be found for family "Arial"
    Warning in grid.Call(C_stringMetric, as.graphicsAnnot(x$label)) :
     no font could be found for family "Arial"
    Warning in grid.Call(C_stringMetric, as.graphicsAnnot(x$label)) :
     no font could be found for family "Arial"
    Warning in grid.Call(C_stringMetric, as.graphicsAnnot(x$label)) :
     no font could be found for family "Arial"
    Warning in grid.Call(C_stringMetric, as.graphicsAnnot(x$label)) :
     no font could be found for family "Arial"
    Warning in grid.Call(C_stringMetric, as.graphicsAnnot(x$label)) :
     no font could be found for family "Arial"
    Warning in grid.Call(C_stringMetric, as.graphicsAnnot(x$label)) :
     no font could be found for family "Arial"
    Warning in grid.Call(C_stringMetric, as.graphicsAnnot(x$label)) :
     no font could be found for family "Arial"
    Warning in grid.Call(C_stringMetric, as.graphicsAnnot(x$label)) :
     no font could be found for family "Arial"
    Warning in grid.Call(C_stringMetric, as.graphicsAnnot(x$label)) :
     no font could be found for family "Arial"
    Warning in grid.Call(C_stringMetric, as.graphicsAnnot(x$label)) :
     no font could be found for family "Arial"
    Warning in grid.Call(C_stringMetric, as.graphicsAnnot(x$label)) :
     no font could be found for family "Arial"
    Warning in grid.Call(C_stringMetric, as.graphicsAnnot(x$label)) :
     no font could be found for family "Arial"
    Warning in grid.Call(C_stringMetric, as.graphicsAnnot(x$label)) :
     no font could be found for family "Arial"
    Warning in grid.Call(C_stringMetric, as.graphicsAnnot(x$label)) :
     no font could be found for family "Arial"
    Warning in grid.Call(C_stringMetric, as.graphicsAnnot(x$label)) :
     no font could be found for family "Arial"
    Warning in grid.Call(C_stringMetric, as.graphicsAnnot(x$label)) :
     no font could be found for family "Arial"
    Warning in grid.Call(C_stringMetric, as.graphicsAnnot(x$label)) :
     no font could be found for family "Arial"
    Warning in grid.Call(C_stringMetric, as.graphicsAnnot(x$label)) :
     no font could be found for family "Arial"
    Warning in grid.Call(C_textBounds, as.graphicsAnnot(x$label), x$x, x$y, :
     no font could be found for family "Arial"
    Quitting from lines 237-250 (payroll.Rmd)
    Error: processing vignette 'payroll.Rmd' failed with diagnostics:
    polygon edge not found
    --- failed re-building ‘payroll.Rmd’
    
    --- re-building ‘run-scoring-trends.Rmd’ using rmarkdown
    Warning in engine$weave(file, quiet = quiet, encoding = enc) :
     Pandoc (>= 1.12.3) not available. Falling back to R Markdown v1.
    
    Attaching package: 'dplyr'
    
    The following objects are masked from 'package:stats':
    
     filter, lag
    
    The following objects are masked from 'package:base':
    
     intersect, setdiff, setequal, union
    
    `geom_smooth()` using method = 'loess' and formula 'y ~ x'
    Quitting from lines 68-77 (run-scoring-trends.Rmd)
    Error: processing vignette 'run-scoring-trends.Rmd' failed with diagnostics:
    polygon edge not found
    --- failed re-building ‘run-scoring-trends.Rmd’
    
    --- re-building ‘strikeoutsandhr.Rmd’ using rmarkdown
    Warning in engine$weave(file, quiet = quiet, encoding = enc) :
     Pandoc (>= 1.12.3) not available. Falling back to R Markdown v1.
    
    Attaching package: 'dplyr'
    
    The following objects are masked from 'package:stats':
    
     filter, lag
    
    The following objects are masked from 'package:base':
    
     intersect, setdiff, setequal, union
    
    Loading required package: carData
    
    Attaching package: 'carData'
    
    The following object is masked from 'package:Lahman':
    
     Salaries
    
    
    Attaching package: 'car'
    
    The following object is masked from 'package:dplyr':
    
     recode
    
    Warning: `summarise_each_()` was deprecated in dplyr 0.7.0.
    Please use `across()` instead.
    This warning is displayed once every 8 hours.
    Call `lifecycle::last_warnings()` to see where this warning was generated.
    Warning: `funs()` was deprecated in dplyr 0.8.0.
    Please use a list of either functions or lambdas:
    
     # Simple named list:
     list(mean = mean, median = median)
    
     # Auto named with `tibble::lst()`:
     tibble::lst(mean, median)
    
     # Using lambdas
     list(~ mean(., trim = .2), ~ median(., na.rm = TRUE))
    This warning is displayed once every 8 hours.
    Call `lifecycle::last_warnings()` to see where this warning was generated.
    `geom_smooth()` using formula 'y ~ x'
    Warning in grid.Call(C_stringMetric, as.graphicsAnnot(x$label)) :
     no font could be found for family "Arial"
    Warning in grid.Call(C_stringMetric, as.graphicsAnnot(x$label)) :
     no font could be found for family "Arial"
    Warning in grid.Call(C_stringMetric, as.graphicsAnnot(x$label)) :
     no font could be found for family "Arial"
    Warning in grid.Call(C_stringMetric, as.graphicsAnnot(x$label)) :
     no font could be found for family "Arial"
    Warning in grid.Call(C_stringMetric, as.graphicsAnnot(x$label)) :
     no font could be found for family "Arial"
    Warning in grid.Call(C_stringMetric, as.graphicsAnnot(x$label)) :
     no font could be found for family "Arial"
    Warning in grid.Call(C_stringMetric, as.graphicsAnnot(x$label)) :
     no font could be found for family "Arial"
    Warning in grid.Call(C_stringMetric, as.graphicsAnnot(x$label)) :
     no font could be found for family "Arial"
    Warning in grid.Call(C_stringMetric, as.graphicsAnnot(x$label)) :
     no font could be found for family "Arial"
    Warning in grid.Call(C_stringMetric, as.graphicsAnnot(x$label)) :
     no font could be found for family "Arial"
    Warning in grid.Call(C_stringMetric, as.graphicsAnnot(x$label)) :
     no font could be found for family "Arial"
    Warning in grid.Call(C_stringMetric, as.graphicsAnnot(x$label)) :
     no font could be found for family "Arial"
    Warning in grid.Call(C_stringMetric, as.graphicsAnnot(x$label)) :
     no font could be found for family "Arial"
    Warning in grid.Call(C_stringMetric, as.graphicsAnnot(x$label)) :
     no font could be found for family "Arial"
    Warning in grid.Call(C_stringMetric, as.graphicsAnnot(x$label)) :
     no font could be found for family "Arial"
    Warning in grid.Call(C_stringMetric, as.graphicsAnnot(x$label)) :
     no font could be found for family "Arial"
    Warning in grid.Call(C_stringMetric, as.graphicsAnnot(x$label)) :
     no font could be found for family "Arial"
    Warning in grid.Call(C_stringMetric, as.graphicsAnnot(x$label)) :
     no font could be found for family "Arial"
    Warning in grid.Call(C_stringMetric, as.graphicsAnnot(x$label)) :
     no font could be found for family "Arial"
    Warning in grid.Call(C_stringMetric, as.graphicsAnnot(x$label)) :
     no font could be found for family "Arial"
    Warning in grid.Call(C_stringMetric, as.graphicsAnnot(x$label)) :
     no font could be found for family "Arial"
    Warning in grid.Call(C_stringMetric, as.graphicsAnnot(x$label)) :
     no font could be found for family "Arial"
    Warning in grid.Call(C_stringMetric, as.graphicsAnnot(x$label)) :
     no font could be found for family "Arial"
    Warning in grid.Call(C_stringMetric, as.graphicsAnnot(x$label)) :
     no font could be found for family "Arial"
    Warning in grid.Call(C_stringMetric, as.graphicsAnnot(x$label)) :
     no font could be found for family "Arial"
    Warning in grid.Call(C_stringMetric, as.graphicsAnnot(x$label)) :
     no font could be found for family "Arial"
    Warning in grid.Call(C_stringMetric, as.graphicsAnnot(x$label)) :
     no font could be found for family "Arial"
    Warning in grid.Call(C_stringMetric, as.graphicsAnnot(x$label)) :
     no font could be found for family "Arial"
    Warning in grid.Call(C_stringMetric, as.graphicsAnnot(x$label)) :
     no font could be found for family "Arial"
    Warning in grid.Call(C_stringMetric, as.graphicsAnnot(x$label)) :
     no font could be found for family "Arial"
    Warning in grid.Call(C_stringMetric, as.graphicsAnnot(x$label)) :
     no font could be found for family "Arial"
    Warning in grid.Call(C_stringMetric, as.graphicsAnnot(x$label)) :
     no font could be found for family "Arial"
    Warning in grid.Call(C_stringMetric, as.graphicsAnnot(x$label)) :
     no font could be found for family "Arial"
    Warning in grid.Call(C_stringMetric, as.graphicsAnnot(x$label)) :
     no font could be found for family "Arial"
    Warning in grid.Call(C_stringMetric, as.graphicsAnnot(x$label)) :
     no font could be found for family "Arial"
    Warning in grid.Call(C_stringMetric, as.graphicsAnnot(x$label)) :
     no font could be found for family "Arial"
    Warning in grid.Call(C_stringMetric, as.graphicsAnnot(x$label)) :
     no font could be found for family "Arial"
    Warning in grid.Call(C_stringMetric, as.graphicsAnnot(x$label)) :
     no font could be found for family "Arial"
    Warning in grid.Call(C_stringMetric, as.graphicsAnnot(x$label)) :
     no font could be found for family "Arial"
    Warning in grid.Call(C_stringMetric, as.graphicsAnnot(x$label)) :
     no font could be found for family "Arial"
    Warning in grid.Call(C_stringMetric, as.graphicsAnnot(x$label)) :
     no font could be found for family "Arial"
    Warning in grid.Call(C_stringMetric, as.graphicsAnnot(x$label)) :
     no font could be found for family "Arial"
    Warning in grid.Call(C_textBounds, as.graphicsAnnot(x$label), x$x, x$y, :
     no font could be found for family "Arial"
    Warning in grid.Call(C_textBounds, as.graphicsAnnot(x$label), x$x, x$y, :
     no font could be found for family "Arial"
    Quitting from lines 110-116 (strikeoutsandhr.Rmd)
    Error: processing vignette 'strikeoutsandhr.Rmd' failed with diagnostics:
    polygon edge not found
    --- failed re-building ‘strikeoutsandhr.Rmd’
    
    --- re-building ‘vignette-intro.Rmd’ using rmarkdown
    Warning in engine$weave(file, quiet = quiet, encoding = enc) :
     Pandoc (>= 1.12.3) not available. Falling back to R Markdown v1.
    --- finished re-building ‘vignette-intro.Rmd’
    
    SUMMARY: processing the following files failed:
     ‘hits-by-type.Rmd’ ‘payroll.Rmd’ ‘run-scoring-trends.Rmd’
     ‘strikeoutsandhr.Rmd’
    
    Error: Vignette re-building failed.
    Execution halted
Flavor: r-release-macos-arm64