CRAN Package Check Results for Package MCMCglmm

Last updated on 2021-10-27 02:52:40 CEST.

Flavor Version Tinstall Tcheck Ttotal Status Flags
r-devel-linux-x86_64-debian-clang 2.32 49.32 136.61 185.93 OK
r-devel-linux-x86_64-debian-gcc 2.32 34.94 105.05 139.99 OK
r-devel-linux-x86_64-fedora-clang 2.32 256.12 NOTE
r-devel-linux-x86_64-fedora-gcc 2.32 239.27 OK
r-devel-windows-x86_64 2.32 87.00 175.00 262.00 OK
r-devel-windows-x86_64-gcc10-UCRT 2.32 OK
r-patched-linux-x86_64 2.32 42.48 132.63 175.11 OK
r-patched-solaris-x86 2.32 343.20 OK
r-release-linux-x86_64 2.32 45.78 132.18 177.96 OK
r-release-macos-arm64 2.32 OK
r-release-macos-x86_64 2.32 OK
r-release-windows-ix86+x86_64 2.32 120.00 216.00 336.00 NOTE
r-oldrel-macos-x86_64 2.32 OK
r-oldrel-windows-ix86+x86_64 2.32 169.00 202.00 371.00 NOTE

Check Details

Version: 2.32
Check: Rd cross-references
Result: NOTE
    Undeclared packages ‘MCMCpack’, ‘bayesm’, ‘msm’ in Rd xrefs
Flavor: r-devel-linux-x86_64-fedora-clang

Version: 2.32
Check: installed package size
Result: NOTE
     installed size is 5.9Mb
     sub-directories of 1Mb or more:
     doc 3.3Mb
     libs 2.1Mb
Flavors: r-release-windows-ix86+x86_64, r-oldrel-windows-ix86+x86_64