CRAN Package Check Results for Package MCPModPack

Last updated on 2022-01-29 02:49:53 CET.

Flavor Version Tinstall Tcheck Ttotal Status Flags
r-devel-linux-x86_64-debian-clang 0.4 38.51 80.48 118.99 OK
r-devel-linux-x86_64-debian-gcc 0.4 35.50 62.14 97.64 OK
r-devel-linux-x86_64-fedora-clang 0.4 156.72 OK
r-devel-linux-x86_64-fedora-gcc 0.4 149.26 OK
r-devel-windows-x86_64-new-UL 0.4 81.00 122.00 203.00 OK
r-devel-windows-x86_64-new-TK 0.4 OK
r-patched-linux-x86_64 0.4 40.05 73.55 113.60 OK
r-release-linux-x86_64 0.4 38.72 72.76 111.48 OK
r-release-macos-arm64 0.4 NOTE
r-release-macos-x86_64 0.4 NOTE
r-release-windows-ix86+x86_64 0.4 101.00 134.00 235.00 OK
r-oldrel-macos-x86_64 0.4 NOTE
r-oldrel-windows-ix86+x86_64 0.4 102.00 135.00 237.00 OK

Check Details

Version: 0.4
Check: installed package size
Result: NOTE
     installed size is 6.6Mb
     sub-directories of 1Mb or more:
     libs 6.1Mb
Flavors: r-release-macos-arm64, r-release-macos-x86_64, r-oldrel-macos-x86_64