Last updated on 2023-06-03 02:51:23 CEST.
Flavor | Version | Tinstall | Tcheck | Ttotal | Status | Flags |
---|---|---|---|---|---|---|
r-devel-linux-x86_64-debian-clang | 1.0.0 | 5.53 | 58.48 | 64.01 | NOTE | |
r-devel-linux-x86_64-debian-gcc | 1.0.0 | 5.01 | 43.61 | 48.62 | NOTE | |
r-devel-linux-x86_64-fedora-clang | 1.0.0 | 78.40 | NOTE | |||
r-devel-linux-x86_64-fedora-gcc | 1.0.0 | 84.66 | NOTE | |||
r-devel-windows-x86_64 | 1.0.0 | 7.00 | 73.00 | 80.00 | NOTE | |
r-patched-linux-x86_64 | 1.0.0 | NOTE | ||||
r-release-linux-x86_64 | 1.0.0 | 5.76 | 54.74 | 60.50 | NOTE | |
r-release-macos-arm64 | 1.0.0 | 30.00 | NOTE | |||
r-release-macos-x86_64 | 1.0.0 | 43.00 | NOTE | |||
r-release-windows-x86_64 | 1.0.0 | 8.00 | 86.00 | 94.00 | NOTE | |
r-oldrel-macos-arm64 | 1.0.0 | 28.00 | NOTE | |||
r-oldrel-macos-x86_64 | 1.0.0 | 51.00 | NOTE | |||
r-oldrel-windows-x86_64 | 1.0.0 | 9.00 | 90.00 | 99.00 | NOTE |
Version: 1.0.0
Check: Rd files
Result: NOTE
checkRd: (-1) pBED.Rd:34: Escaped LaTeX specials: \&
Flavors: r-devel-linux-x86_64-debian-clang, r-devel-linux-x86_64-debian-gcc, r-devel-linux-x86_64-fedora-clang, r-devel-linux-x86_64-fedora-gcc, r-devel-windows-x86_64, r-patched-linux-x86_64, r-release-linux-x86_64, r-release-macos-arm64, r-release-macos-x86_64, r-release-windows-x86_64
Version: 1.0.0
Check: LazyData
Result: NOTE
'LazyData' is specified without a 'data' directory
Flavors: r-devel-linux-x86_64-debian-clang, r-devel-linux-x86_64-debian-gcc, r-devel-linux-x86_64-fedora-clang, r-devel-linux-x86_64-fedora-gcc, r-devel-windows-x86_64, r-patched-linux-x86_64, r-release-linux-x86_64, r-release-macos-arm64, r-release-macos-x86_64, r-release-windows-x86_64, r-oldrel-macos-arm64, r-oldrel-macos-x86_64, r-oldrel-windows-x86_64
Version: 1.0.0
Check: dependencies in R code
Result: NOTE
Namespace in Imports field not imported from: ‘psych’
All declared Imports should be used.
Flavors: r-devel-linux-x86_64-fedora-clang, r-devel-linux-x86_64-fedora-gcc, r-oldrel-macos-arm64, r-oldrel-macos-x86_64