CRAN Package Check Results for Package MLMOI

Last updated on 2021-12-03 02:49:01 CET.

Flavor Version Tinstall Tcheck Ttotal Status Flags
r-devel-linux-x86_64-debian-clang 0.1.1 5.42 59.83 65.25 NOTE
r-devel-linux-x86_64-debian-gcc 0.1.1 3.90 45.52 49.42 NOTE
r-devel-linux-x86_64-fedora-clang 0.1.1 91.56 NOTE
r-devel-linux-x86_64-fedora-gcc 0.1.1 77.05 NOTE
r-devel-windows-x86_64-new-UL 0.1.1 16.00 107.00 123.00 NOTE
r-devel-windows-x86_64-new-TK 0.1.1 NOTE
r-devel-windows-x86_64-old 0.1.1 10.00 66.00 76.00 NOTE
r-patched-linux-x86_64 0.1.1 6.73 60.20 66.93 NOTE
r-release-linux-x86_64 0.1.1 5.85 59.05 64.90 NOTE
r-release-macos-arm64 0.1.1 NOTE
r-release-macos-x86_64 0.1.1 NOTE
r-release-windows-ix86+x86_64 0.1.1 11.00 76.00 87.00 NOTE
r-oldrel-macos-x86_64 0.1.1 OK
r-oldrel-windows-ix86+x86_64 0.1.1 10.00 77.00 87.00 OK

Check Details

Version: 0.1.1
Check: LazyData
Result: NOTE
     'LazyData' is specified without a 'data' directory
Flavors: r-devel-linux-x86_64-debian-clang, r-devel-linux-x86_64-debian-gcc, r-devel-linux-x86_64-fedora-clang, r-devel-linux-x86_64-fedora-gcc, r-devel-windows-x86_64-new-UL, r-devel-windows-x86_64-new-TK, r-devel-windows-x86_64-old, r-patched-linux-x86_64, r-release-linux-x86_64, r-release-macos-arm64, r-release-macos-x86_64, r-release-windows-ix86+x86_64