Last updated on 2023-02-09 02:53:18 CET.
Flavor | Version | Tinstall | Tcheck | Ttotal | Status | Flags |
---|---|---|---|---|---|---|
r-devel-linux-x86_64-debian-clang | 1.1.1 | 2.74 | 25.94 | 28.68 | NOTE | |
r-devel-linux-x86_64-debian-gcc | 1.1.1 | 2.09 | 20.68 | 22.77 | NOTE | |
r-devel-linux-x86_64-fedora-clang | 1.1.1 | 36.92 | NOTE | |||
r-devel-linux-x86_64-fedora-gcc | 1.1.1 | 35.39 | NOTE | |||
r-devel-windows-x86_64 | 1.1.1 | 34.00 | 62.00 | 96.00 | NOTE | |
r-patched-linux-x86_64 | 1.1.1 | 2.29 | 26.79 | 29.08 | NOTE | |
r-release-linux-x86_64 | 1.1.1 | 2.66 | 25.22 | 27.88 | NOTE | |
r-release-macos-arm64 | 1.1.1 | 15.00 | NOTE | |||
r-release-macos-x86_64 | 1.1.1 | 24.00 | NOTE | |||
r-release-windows-x86_64 | 1.1.1 | 32.00 | 61.00 | 93.00 | NOTE | |
r-oldrel-macos-arm64 | 1.1.1 | 20.00 | NOTE | |||
r-oldrel-macos-x86_64 | 1.1.1 | 29.00 | NOTE | |||
r-oldrel-windows-ix86+x86_64 | 1.1.1 | 6.00 | 51.00 | 57.00 | NOTE |
Version: 1.1.1
Check: LazyData
Result: NOTE
'LazyData' is specified without a 'data' directory
Flavors: r-devel-linux-x86_64-debian-clang, r-devel-linux-x86_64-debian-gcc, r-devel-linux-x86_64-fedora-clang, r-devel-linux-x86_64-fedora-gcc, r-devel-windows-x86_64, r-patched-linux-x86_64, r-release-linux-x86_64, r-release-macos-arm64, r-release-macos-x86_64, r-release-windows-x86_64, r-oldrel-macos-arm64, r-oldrel-macos-x86_64, r-oldrel-windows-ix86+x86_64
Version: 1.1.1
Check: dependencies in R code
Result: NOTE
Namespace in Imports field not imported from: ‘utils’
All declared Imports should be used.
Flavors: r-devel-linux-x86_64-fedora-clang, r-devel-linux-x86_64-fedora-gcc, r-release-macos-arm64, r-release-macos-x86_64, r-oldrel-macos-arm64, r-oldrel-macos-x86_64