Last updated on 2022-06-29 02:55:16 CEST.
Flavor | Version | Tinstall | Tcheck | Ttotal | Status | Flags |
---|---|---|---|---|---|---|
r-devel-linux-x86_64-debian-clang | 3.0 | 32.69 | 155.66 | 188.35 | OK | |
r-devel-linux-x86_64-debian-gcc | 3.0 | 27.14 | 111.95 | 139.09 | OK | |
r-devel-linux-x86_64-fedora-clang | 3.0 | 233.44 | NOTE | |||
r-devel-linux-x86_64-fedora-gcc | 3.0 | 228.08 | NOTE | |||
r-devel-windows-x86_64 | 3.0 | 34.00 | 152.00 | 186.00 | OK | |
r-patched-linux-x86_64 | 3.0 | 27.79 | 143.82 | 171.61 | OK | |
r-release-linux-x86_64 | 3.0 | 29.16 | 146.99 | 176.15 | OK | |
r-release-macos-arm64 | 3.0 | 53.00 | NOTE | |||
r-release-macos-x86_64 | 3.0 | 87.00 | NOTE | |||
r-release-windows-x86_64 | 3.0 | 34.00 | 158.00 | 192.00 | OK | |
r-oldrel-macos-arm64 | 3.0 | 66.00 | NOTE | |||
r-oldrel-macos-x86_64 | 3.0 | 96.00 | NOTE | |||
r-oldrel-windows-ix86+x86_64 | 3.0 | 56.00 | 158.00 | 214.00 | OK |
Version: 3.0
Check: dependencies in R code
Result: NOTE
Namespaces in Imports field not imported from:
‘datasets’ ‘grDevices’ ‘graphics’ ‘iterators’ ‘methods’
All declared Imports should be used.
Flavors: r-devel-linux-x86_64-fedora-clang, r-devel-linux-x86_64-fedora-gcc, r-release-macos-arm64, r-release-macos-x86_64, r-oldrel-macos-arm64, r-oldrel-macos-x86_64