CRAN Package Check Results for Package MTPS

Last updated on 2021-07-28 02:49:13 CEST.

Flavor Version Tinstall Tcheck Ttotal Status Flags
r-devel-linux-x86_64-debian-clang 1.0.1 9.21 100.44 109.65 OK
r-devel-linux-x86_64-debian-gcc 1.0.1 6.82 76.97 83.79 OK
r-devel-linux-x86_64-fedora-clang 1.0.1 139.13 OK
r-devel-linux-x86_64-fedora-gcc 1.0.1 128.35 OK
r-devel-windows-x86_64 1.0.1 13.00 126.00 139.00 OK
r-devel-windows-x86_64-gcc10-UCRT 1.0.1 OK
r-patched-linux-x86_64 1.0.1 7.60 95.01 102.61 OK
r-patched-solaris-x86 1.0.1 219.80 OK
r-release-linux-x86_64 1.0.1 8.33 95.39 103.72 OK
r-release-macos-arm64 1.0.1 WARN
r-release-macos-x86_64 1.0.1 OK
r-release-windows-ix86+x86_64 1.0.1 18.00 92.00 110.00 OK
r-oldrel-macos-x86_64 1.0.1 OK
r-oldrel-windows-ix86+x86_64 1.0.1 15.00 126.00 141.00 OK

Check Details

Version: 1.0.1
Check: re-building of vignette outputs
Result: WARN
    Error(s) in re-building vignettes:
    --- re-building ‘Guide.Rmd’ using rmarkdown
    Warning in engine$weave(file, quiet = quiet, encoding = enc) :
     Pandoc (>= 1.12.3) not available. Falling back to R Markdown v1.
    Loading required package: glmnet
    Loading required package: Matrix
    Loaded glmnet 4.1-2
    Loading required package: rpart
    Loading required package: MASS
    Loading required package: e1071
    Loading required package: class
    Warning in grid.Call(C_stringMetric, as.graphicsAnnot(x$label)) :
     no font could be found for family "Arial"
    Warning in grid.Call(C_stringMetric, as.graphicsAnnot(x$label)) :
     no font could be found for family "Arial"
    Warning in grid.Call(C_stringMetric, as.graphicsAnnot(x$label)) :
     no font could be found for family "Arial"
    Warning in grid.Call(C_stringMetric, as.graphicsAnnot(x$label)) :
     no font could be found for family "Arial"
    Warning in grid.Call(C_stringMetric, as.graphicsAnnot(x$label)) :
     no font could be found for family "Arial"
    Warning in grid.Call(C_stringMetric, as.graphicsAnnot(x$label)) :
     no font could be found for family "Arial"
    Warning in grid.Call(C_stringMetric, as.graphicsAnnot(x$label)) :
     no font could be found for family "Arial"
    Warning in grid.Call(C_stringMetric, as.graphicsAnnot(x$label)) :
     no font could be found for family "Arial"
    Warning in grid.Call(C_stringMetric, as.graphicsAnnot(x$label)) :
     no font could be found for family "Arial"
    Warning in grid.Call(C_stringMetric, as.graphicsAnnot(x$label)) :
     no font could be found for family "Arial"
    Warning in grid.Call(C_stringMetric, as.graphicsAnnot(x$label)) :
     no font could be found for family "Arial"
    Warning in grid.Call(C_stringMetric, as.graphicsAnnot(x$label)) :
     no font could be found for family "Arial"
    Warning in grid.Call(C_stringMetric, as.graphicsAnnot(x$label)) :
     no font could be found for family "Arial"
    Warning in grid.Call(C_stringMetric, as.graphicsAnnot(x$label)) :
     no font could be found for family "Arial"
    Warning in grid.Call(C_textBounds, as.graphicsAnnot(x$label), x$x, x$y, :
     no font could be found for family "Arial"
    Quitting from lines 174-188 (Guide.Rmd)
    Error: processing vignette 'Guide.Rmd' failed with diagnostics:
    polygon edge not found
    --- failed re-building ‘Guide.Rmd’
    
    SUMMARY: processing the following file failed:
     ‘Guide.Rmd’
    
    Error: Vignette re-building failed.
    Execution halted
Flavor: r-release-macos-arm64