CRAN Package Check Results for Package MXM

Last updated on 2021-09-21 02:49:10 CEST.

Flavor Version Tinstall Tcheck Ttotal Status Flags
r-devel-linux-x86_64-debian-clang 1.5.1 82.31 533.27 615.58 WARN
r-devel-linux-x86_64-debian-gcc 1.5.1 69.74 381.24 450.98 WARN
r-devel-linux-x86_64-fedora-clang 1.5.1 777.00 WARN
r-devel-linux-x86_64-fedora-gcc 1.5.1 720.01 WARN
r-devel-windows-x86_64 1.5.1 93.00 444.00 537.00 WARN
r-devel-windows-x86_64-gcc10-UCRT 1.5.1 ERROR
r-patched-linux-x86_64 1.5.1 82.15 531.00 613.15 OK
r-patched-solaris-x86 1.5.1 918.90 NOTE
r-release-linux-x86_64 1.5.1 75.68 515.49 591.17 WARN
r-release-macos-arm64 1.5.1 NOTE
r-release-macos-x86_64 1.5.1 NOTE
r-release-windows-ix86+x86_64 1.5.1 149.00 637.00 786.00 OK
r-oldrel-macos-x86_64 1.5.1 NOTE
r-oldrel-windows-ix86+x86_64 1.5.1 144.00 665.00 809.00 OK

Check Details

Version: 1.5.1
Check: re-building of vignette outputs
Result: WARN
    Error(s) in re-building vignettes:
     ...
    --- re-building 'MMPC_tutorial.Rmd' using knitr
    Warning in file(file, "rt") :
     cannot open URL 'ftp://ftp.ics.uci.edu/pub/machine-learning-databases/wine/wine.data': FTP status was '550 Requested action not taken; file unavailable'
    Quitting from lines 92-119 (MMPC_tutorial.Rmd)
    Error: processing vignette 'MMPC_tutorial.Rmd' failed with diagnostics:
    cannot open the connection to 'ftp://ftp.ics.uci.edu/pub/machine-learning-databases/wine/wine.data'
    --- failed re-building 'MMPC_tutorial.Rmd'
    
    --- re-building 'SES_KMVerrou_11_12.Rmd' using knitr
    
    Attaching package: 'dplyr'
    
    The following objects are masked from 'package:stats':
    
     filter, lag
    
    The following objects are masked from 'package:base':
    
     intersect, setdiff, setequal, union
    
    Quitting from lines 54-67 (SES_KMVerrou_11_12.Rmd)
    Error: processing vignette 'SES_KMVerrou_11_12.Rmd' failed with diagnostics:
    cannot open the connection to 'ftp://ftp.ics.uci.edu/pub/machine-learning-databases/wine/wine.data'
    --- failed re-building 'SES_KMVerrou_11_12.Rmd'
    
    --- re-building 'FS_guide.ltx' using tex
    --- finished re-building 'FS_guide.ltx'
    
    --- re-building 'article.ltx' using tex
    --- finished re-building 'article.ltx'
    
    --- re-building 'guide.ltx' using tex
    --- finished re-building 'guide.ltx'
    
    SUMMARY: processing the following files failed:
     'MMPC_tutorial.Rmd' 'SES_KMVerrou_11_12.Rmd'
    
    Error: Vignette re-building failed.
    Execution halted
Flavors: r-devel-linux-x86_64-debian-clang, r-devel-linux-x86_64-debian-gcc, r-release-linux-x86_64

Version: 1.5.1
Check: dependencies in R code
Result: NOTE
    Namespace in Imports field not imported from: ‘knitr’
     All declared Imports should be used.
Flavors: r-devel-linux-x86_64-fedora-clang, r-devel-linux-x86_64-fedora-gcc, r-devel-windows-x86_64-gcc10-UCRT, r-patched-solaris-x86, r-release-macos-arm64, r-release-macos-x86_64, r-oldrel-macos-x86_64

Version: 1.5.1
Check: re-building of vignette outputs
Result: WARN
    Error(s) in re-building vignettes:
    --- re-building ‘MMPC_tutorial.Rmd’ using knitr
    Warning in file(file, "rt") :
     cannot open URL 'ftp://ftp.ics.uci.edu/pub/machine-learning-databases/wine/wine.data': FTP status was '550 Requested action not taken; file unavailable'
    Quitting from lines 92-119 (MMPC_tutorial.Rmd)
    Error: processing vignette 'MMPC_tutorial.Rmd' failed with diagnostics:
    cannot open the connection to 'ftp://ftp.ics.uci.edu/pub/machine-learning-databases/wine/wine.data'
    --- failed re-building ‘MMPC_tutorial.Rmd’
    
    --- re-building ‘SES_KMVerrou_11_12.Rmd’ using knitr
    
    Attaching package: 'dplyr'
    
    The following objects are masked from 'package:stats':
    
     filter, lag
    
    The following objects are masked from 'package:base':
    
     intersect, setdiff, setequal, union
    
    Quitting from lines 54-67 (SES_KMVerrou_11_12.Rmd)
    Error: processing vignette 'SES_KMVerrou_11_12.Rmd' failed with diagnostics:
    cannot open the connection to 'ftp://ftp.ics.uci.edu/pub/machine-learning-databases/wine/wine.data'
    --- failed re-building ‘SES_KMVerrou_11_12.Rmd’
    
    --- re-building ‘FS_guide.ltx’ using tex
    --- finished re-building ‘FS_guide.ltx’
    
    --- re-building ‘article.ltx’ using tex
    --- finished re-building ‘article.ltx’
    
    --- re-building ‘guide.ltx’ using tex
    --- finished re-building ‘guide.ltx’
    
    SUMMARY: processing the following files failed:
     ‘MMPC_tutorial.Rmd’ ‘SES_KMVerrou_11_12.Rmd’
    
    Error: Vignette re-building failed.
    Execution halted
Flavors: r-devel-linux-x86_64-fedora-clang, r-devel-windows-x86_64

Version: 1.5.1
Check: re-building of vignette outputs
Result: WARN
    Error(s) in re-building vignettes:
    --- re-building ‘MMPC_tutorial.Rmd’ using knitr
    Warning in file(file, "rt") :
     URL 'ftp://ftp.ics.uci.edu/pub/machine-learning-databases/wine/wine.data': Timeout of 60 seconds was reached
    Quitting from lines 92-119 (MMPC_tutorial.Rmd)
    Error: processing vignette 'MMPC_tutorial.Rmd' failed with diagnostics:
    cannot open the connection to 'ftp://ftp.ics.uci.edu/pub/machine-learning-databases/wine/wine.data'
    --- failed re-building ‘MMPC_tutorial.Rmd’
    
    --- re-building ‘SES_KMVerrou_11_12.Rmd’ using knitr
    
    Attaching package: 'dplyr'
    
    The following objects are masked from 'package:stats':
    
     filter, lag
    
    The following objects are masked from 'package:base':
    
     intersect, setdiff, setequal, union
    
    Quitting from lines 54-67 (SES_KMVerrou_11_12.Rmd)
    Error: processing vignette 'SES_KMVerrou_11_12.Rmd' failed with diagnostics:
    cannot open the connection to 'ftp://ftp.ics.uci.edu/pub/machine-learning-databases/wine/wine.data'
    --- failed re-building ‘SES_KMVerrou_11_12.Rmd’
    
    --- re-building ‘FS_guide.ltx’ using tex
    --- finished re-building ‘FS_guide.ltx’
    
    --- re-building ‘article.ltx’ using tex
    --- finished re-building ‘article.ltx’
    
    --- re-building ‘guide.ltx’ using tex
    --- finished re-building ‘guide.ltx’
    
    SUMMARY: processing the following files failed:
     ‘MMPC_tutorial.Rmd’ ‘SES_KMVerrou_11_12.Rmd’
    
    Error: Vignette re-building failed.
    Execution halted
Flavor: r-devel-linux-x86_64-fedora-gcc

Version: 1.5.1
Check: whether package can be installed
Result: WARN
    Found the following significant warnings:
     WARNING: installation-time patches will not be applied, could not get the patches index
Flavor: r-devel-windows-x86_64-gcc10-UCRT

Version: 1.5.1
Check: re-building of vignette outputs
Result: WARN
    Error(s) in re-building vignettes:
    --- re-building 'MMPC_tutorial.Rmd' using knitr
    Warning in file(file, "rt") :
     cannot open URL 'ftp://ftp.ics.uci.edu/pub/machine-learning-databases/wine/wine.data': FTP status was '550 Requested action not taken; file unavailable'
    Quitting from lines 92-119 (MMPC_tutorial.Rmd)
    Error: processing vignette 'MMPC_tutorial.Rmd' failed with diagnostics:
    cannot open the connection to 'ftp://ftp.ics.uci.edu/pub/machine-learning-databases/wine/wine.data'
    --- failed re-building 'MMPC_tutorial.Rmd'
    
    --- re-building 'SES_KMVerrou_11_12.Rmd' using knitr
    
    Attaching package: 'dplyr'
    
    The following objects are masked from 'package:stats':
    
     filter, lag
    
    The following objects are masked from 'package:base':
    
     intersect, setdiff, setequal, union
    
    Quitting from lines 54-67 (SES_KMVerrou_11_12.Rmd)
    Error: processing vignette 'SES_KMVerrou_11_12.Rmd' failed with diagnostics:
    cannot open the connection to 'ftp://ftp.ics.uci.edu/pub/machine-learning-databases/wine/wine.data'
    --- failed re-building 'SES_KMVerrou_11_12.Rmd'
    
    --- re-building 'FS_guide.ltx' using tex
    texify: C:\jenkins\workspace\miktex\windows\build\source\Libraries\MiKTeX\Core\Utils\Utils.cpp:490: internal error
    
    Warning in system(paste(shQuote(texi2dvi), "--version"), intern = TRUE) :
     running command '"C:\PROGRA~1\MiKTeX\miktex\bin\x64\texify.exe" --version' had status 5
    Warning in value[[3L]](cond) :
    --- finished re-building 'FS_guide.ltx'
    
    --- re-building 'article.ltx' using tex
    texify: C:\jenkins\workspace\miktex\windows\build\source\Libraries\MiKTeX\Core\Utils\Utils.cpp:490: internal error
    
    Warning in system(paste(shQuote(texi2dvi), "--version"), intern = TRUE) :
     running command '"C:\PROGRA~1\MiKTeX\miktex\bin\x64\texify.exe" --version' had status 5
    Warning in value[[3L]](cond) :
    --- finished re-building 'article.ltx'
    
    --- re-building 'guide.ltx' using tex
    texify: C:\jenkins\workspace\miktex\windows\build\source\Libraries\MiKTeX\Core\Utils\Utils.cpp:490: internal error
    
    Warning in system(paste(shQuote(texi2dvi), "--version"), intern = TRUE) :
     running command '"C:\PROGRA~1\MiKTeX\miktex\bin\x64\texify.exe" --version' had status 5
    Warning in value[[3L]](cond) :
    --- finished re-building 'guide.ltx'
    
    SUMMARY: processing the following files failed:
     'MMPC_tutorial.Rmd' 'SES_KMVerrou_11_12.Rmd'
    
    Error: Vignette re-building failed.
    Execution halted
Flavor: r-devel-windows-x86_64-gcc10-UCRT

Version: 1.5.1
Check: PDF version of manual
Result: WARN
    LaTeX errors when creating PDF version.
    This typically indicates Rd problems.
Flavor: r-devel-windows-x86_64-gcc10-UCRT

Version: 1.5.1
Check: PDF version of manual without hyperrefs or index
Result: ERROR
    Re-running with no redirection of stdout/stderr.
Flavor: r-devel-windows-x86_64-gcc10-UCRT