Last updated on 2022-08-18 04:56:29 CEST.
Flavor | Version | Tinstall | Tcheck | Ttotal | Status | Flags |
---|---|---|---|---|---|---|
r-devel-linux-x86_64-debian-clang | 4.10-2 | 16.51 | 61.10 | 77.61 | NOTE | |
r-devel-linux-x86_64-debian-gcc | 4.10-2 | 11.68 | 47.69 | 59.37 | NOTE | |
r-devel-linux-x86_64-fedora-clang | 4.10-2 | 109.34 | NOTE | |||
r-devel-linux-x86_64-fedora-gcc | 4.10-2 | 105.21 | NOTE | |||
r-devel-windows-x86_64 | 4.10-2 | 46.00 | 132.00 | 178.00 | NOTE | |
r-patched-linux-x86_64 | 4.10-2 | 13.41 | 57.95 | 71.36 | OK | |
r-release-linux-x86_64 | 4.10-2 | 15.05 | 59.81 | 74.86 | OK | |
r-release-macos-arm64 | 4.10-2 | 33.00 | OK | |||
r-release-macos-x86_64 | 4.10-2 | 43.00 | OK | |||
r-release-windows-x86_64 | 4.10-2 | 48.00 | 110.00 | 158.00 | OK | |
r-oldrel-macos-arm64 | 4.10-2 | 25.00 | OK | |||
r-oldrel-macos-x86_64 | 4.10-2 | 40.00 | OK | |||
r-oldrel-windows-ix86+x86_64 | 4.10-2 | 43.00 | 116.00 | 159.00 | OK |
Version: 4.10-2
Check: Rd files
Result: NOTE
checkRd: (-1) GerberGreenImai.Rd:22: Escaped LaTeX specials: \#
checkRd: (-1) GerberGreenImai.Rd:31: Escaped LaTeX specials: \#
checkRd: (-1) GerberGreenImai.Rd:34: Escaped LaTeX specials: \#
checkRd: (-1) GerberGreenImai.Rd:35: Escaped LaTeX specials: \#
Flavors: r-devel-linux-x86_64-debian-clang, r-devel-linux-x86_64-debian-gcc, r-devel-linux-x86_64-fedora-clang, r-devel-linux-x86_64-fedora-gcc, r-devel-windows-x86_64